CRAN Package Check Results for Package modeltime.resample

Last updated on 2021-02-26 22:47:26 CET.

Flavor Version Tinstall Tcheck Ttotal Status Flags
r-devel-linux-x86_64-debian-clang 0.1.0 22.60 264.83 287.43 OK
r-devel-linux-x86_64-debian-gcc 0.1.0 19.52 199.27 218.79 OK
r-devel-linux-x86_64-fedora-clang 0.1.0 359.25 NOTE
r-devel-linux-x86_64-fedora-gcc 0.1.0 351.84 NOTE
r-devel-windows-ix86+x86_64 0.1.0 35.00 232.00 267.00 OK
r-patched-linux-x86_64 0.1.0 15.41 252.41 267.82 OK
r-patched-solaris-x86 0.1.0 473.30 NOTE
r-release-linux-x86_64 0.1.0 1.30 2.76 4.06 ERROR
r-release-macos-x86_64 0.1.0 NOTE
r-release-windows-ix86+x86_64 0.1.0 53.00 313.00 366.00 OK
r-oldrel-macos-x86_64 0.1.0 NOTE
r-oldrel-windows-ix86+x86_64 0.1.0 30.00 259.00 289.00 OK

Check Details

Version: 0.1.0
Check: package dependencies
Result: NOTE
    Imports includes 23 non-default packages.
    Importing from so many packages makes the package vulnerable to any of
    them becoming unavailable. Move as many as possible to Suggests and
    use conditionally.
Flavor: r-devel-linux-x86_64-fedora-clang

Version: 0.1.0
Check: dependencies in R code
Result: NOTE
    Namespaces in Imports field not imported from:
     ‘crayon’ ‘dials’ ‘glue’ ‘parsnip’
     All declared Imports should be used.
Flavors: r-devel-linux-x86_64-fedora-clang, r-devel-linux-x86_64-fedora-gcc, r-patched-solaris-x86, r-release-macos-x86_64, r-oldrel-macos-x86_64

Version: 0.1.0
Check: package dependencies
Result: ERROR
    Package required but not available: ‘modeltime’
    
    See section ‘The DESCRIPTION file’ in the ‘Writing R Extensions’
    manual.
Flavor: r-release-linux-x86_64