CRAN Package Check Results for Package modelwordcloud

Last updated on 2020-09-24 23:47:55 CEST.

Flavor Version Tinstall Tcheck Ttotal Status Flags
r-devel-linux-x86_64-debian-clang 0.1 1.99 22.94 24.93 OK
r-devel-linux-x86_64-debian-gcc 0.1 1.53 18.32 19.85 OK
r-devel-linux-x86_64-fedora-clang 0.1 41.08 NOTE
r-devel-linux-x86_64-fedora-gcc 0.1 29.65 NOTE
r-devel-windows-ix86+x86_64 0.1 7.00 39.00 46.00 OK
r-patched-linux-x86_64 0.1 1.76 22.57 24.33 OK
r-patched-solaris-x86 0.1 49.10 NOTE
r-release-linux-x86_64 0.1 1.86 22.76 24.62 OK
r-release-macos-x86_64 0.1 NOTE
r-release-windows-ix86+x86_64 0.1 4.00 40.00 44.00 OK
r-oldrel-macos-x86_64 0.1 NOTE
r-oldrel-windows-ix86+x86_64 0.1 3.00 39.00 42.00 OK

Check Details

Version: 0.1
Check: dependencies in R code
Result: NOTE
    Namespace in Imports field not imported from: ‘methods’
     All declared Imports should be used.
Flavors: r-devel-linux-x86_64-fedora-clang, r-devel-linux-x86_64-fedora-gcc, r-patched-solaris-x86, r-release-macos-x86_64, r-oldrel-macos-x86_64