Last updated on 2022-08-18 11:53:33 CEST.
Flavor | Version | Tinstall | Tcheck | Ttotal | Status | Flags |
---|---|---|---|---|---|---|
r-devel-linux-x86_64-debian-clang | 0.5.4 | 9.75 | 114.51 | 124.26 | OK | |
r-devel-linux-x86_64-debian-gcc | 0.5.4 | 8.22 | 85.12 | 93.34 | OK | |
r-devel-linux-x86_64-fedora-clang | 0.5.4 | 155.19 | NOTE | |||
r-devel-linux-x86_64-fedora-gcc | 0.5.4 | 152.61 | NOTE | |||
r-devel-windows-x86_64 | 0.5.4 | 93.00 | 165.00 | 258.00 | OK | |
r-patched-linux-x86_64 | 0.5.4 | 11.38 | 106.18 | 117.56 | OK | |
r-release-linux-x86_64 | 0.5.4 | 6.95 | 105.26 | 112.21 | OK | |
r-release-macos-arm64 | 0.5.4 | 49.00 | NOTE | |||
r-release-macos-x86_64 | 0.5.4 | 71.00 | NOTE | |||
r-release-windows-x86_64 | 0.5.4 | 158.00 | 158.00 | 316.00 | OK | |
r-oldrel-macos-arm64 | 0.5.4 | 51.00 | NOTE | |||
r-oldrel-macos-x86_64 | 0.5.4 | 67.00 | NOTE | |||
r-oldrel-windows-ix86+x86_64 | 0.5.4 | 23.00 | 157.00 | 180.00 | OK |
Version: 0.5.4
Check: data for non-ASCII characters
Result: NOTE
Note: found 5238 marked UTF-8 strings
Flavors: r-devel-linux-x86_64-fedora-clang, r-devel-linux-x86_64-fedora-gcc, r-release-macos-arm64, r-release-macos-x86_64, r-oldrel-macos-arm64, r-oldrel-macos-x86_64