CRAN Package Check Results for Package moderndive

Last updated on 2022-12-04 11:54:32 CET.

Flavor Version Tinstall Tcheck Ttotal Status Flags
r-devel-linux-x86_64-debian-clang 0.5.4 11.65 122.16 133.81 OK
r-devel-linux-x86_64-debian-gcc 0.5.5 8.70 92.60 101.30 OK
r-devel-linux-x86_64-fedora-clang 0.5.5 177.08 NOTE
r-devel-linux-x86_64-fedora-gcc 0.5.5 188.69 NOTE
r-devel-windows-x86_64 0.5.5 142.00 159.00 301.00 OK
r-patched-linux-x86_64 0.5.5 11.87 114.70 126.57 OK
r-release-linux-x86_64 0.5.4 7.60 110.25 117.85 OK
r-release-macos-arm64 0.5.5 45.00 NOTE
r-release-macos-x86_64 0.5.5 65.00 NOTE
r-release-windows-x86_64 0.5.5 15.00 164.00 179.00 OK
r-oldrel-macos-arm64 0.5.5 47.00 NOTE
r-oldrel-macos-x86_64 0.5.5 71.00 NOTE
r-oldrel-windows-ix86+x86_64 0.5.4 26.00 154.00 180.00 OK

Check Details

Version: 0.5.5
Check: data for non-ASCII characters
Result: NOTE
     Note: found 5238 marked UTF-8 strings
Flavors: r-devel-linux-x86_64-fedora-clang, r-devel-linux-x86_64-fedora-gcc, r-release-macos-arm64, r-release-macos-x86_64, r-oldrel-macos-arm64, r-oldrel-macos-x86_64