Last updated on 2023-12-02 02:49:15 CET.
Flavor | Version | Tinstall | Tcheck | Ttotal | Status | Flags |
---|---|---|---|---|---|---|
r-devel-linux-x86_64-debian-clang | 0.5.5 | 10.22 | 114.14 | 124.36 | NOTE | |
r-devel-linux-x86_64-debian-gcc | 0.5.5 | 9.02 | 85.57 | 94.59 | NOTE | |
r-devel-linux-x86_64-fedora-clang | 0.5.5 | 155.14 | NOTE | |||
r-devel-linux-x86_64-fedora-gcc | 0.5.5 | 158.98 | NOTE | |||
r-devel-windows-x86_64 | 0.5.5 | 10.00 | 113.00 | 123.00 | OK | |
r-patched-linux-x86_64 | 0.5.5 | 8.23 | 107.25 | 115.48 | OK | |
r-release-linux-x86_64 | 0.5.5 | 6.92 | 108.05 | 114.97 | OK | |
r-release-macos-arm64 | 0.5.5 | 58.00 | OK | |||
r-release-macos-x86_64 | 0.5.5 | 96.00 | OK | |||
r-release-windows-x86_64 | 0.5.5 | 15.00 | 134.00 | 149.00 | OK | |
r-oldrel-macos-arm64 | 0.5.5 | 45.00 | NOTE | |||
r-oldrel-macos-x86_64 | 0.5.5 | 65.00 | NOTE | |||
r-oldrel-windows-x86_64 | 0.5.5 | 15.00 | 140.00 | 155.00 | OK |
Version: 0.5.5
Check: Rd files
Result: NOTE
checkRd: (-1) geom_categorical_model.Rd:75: Lost braces; missing escapes or markup?
75 | the {ggplot2} package, but provides functionality that \code{geom_smooth()}
| ^
checkRd: (-1) geom_parallel_slopes.Rd:85: Lost braces; missing escapes or markup?
85 | {ggplot2} grouping aesthetics: \code{group}, \code{color}, \code{fill},
| ^
checkRd: (-1) geom_parallel_slopes.Rd:87: Lost braces; missing escapes or markup?
87 | {ggplot2} package, but provides functionality that \code{geom_smooth()}
| ^
Flavors: r-devel-linux-x86_64-debian-clang, r-devel-linux-x86_64-debian-gcc
Version: 0.5.5
Check: data for non-ASCII characters
Result: NOTE
Note: found 5238 marked UTF-8 strings
Flavors: r-devel-linux-x86_64-fedora-clang, r-devel-linux-x86_64-fedora-gcc, r-oldrel-macos-arm64, r-oldrel-macos-x86_64