CRAN Package Check Results for Package modmarg

Last updated on 2020-03-28 22:47:42 CET.

Flavor Version Tinstall Tcheck Ttotal Status Flags
r-devel-linux-x86_64-debian-clang 0.9.2 ERROR
r-devel-linux-x86_64-debian-gcc 0.9.2 1.90 35.55 37.45 ERROR
r-devel-linux-x86_64-fedora-clang 0.9.2 65.49 ERROR
r-devel-linux-x86_64-fedora-gcc 0.9.2 56.44 ERROR
r-devel-windows-ix86+x86_64 0.9.2 6.00 54.00 60.00 ERROR
r-devel-windows-ix86+x86_64-gcc8 0.9.2 7.00 63.00 70.00 OK
r-patched-linux-x86_64 0.9.2 2.20 45.43 47.63 ERROR
r-patched-solaris-x86 0.9.2 80.50 ERROR
r-release-linux-x86_64 0.9.2 1.69 43.75 45.44 OK
r-release-windows-ix86+x86_64 0.9.2 8.00 78.00 86.00 OK
r-release-osx-x86_64 0.9.2 OK
r-oldrel-windows-ix86+x86_64 0.9.2 4.00 73.00 77.00 OK
r-oldrel-osx-x86_64 0.9.2 OK

Check Details

Version: 0.9.2
Check: tests
Result: ERROR
     Running 'testthat.R' [17s/20s]
    Running the tests in 'tests/testthat.R' failed.
    Complete output:
     > library(testthat)
     > library(modmarg)
     >
     > test_check("modmarg")
     -- 1. Failure: Missing covariate, outcome, and weight data (@test_glm_weights.R#
     z1$Label not equal to as.factor(c("treatment = 0", "treatment = 1")).
     Types not compatible: character is not integer
    
     -- 2. Failure: 2SLS margins are correct (@test_ivreg.R#94) --------------------
     z$Label not equal to as.factor(paste("actual =", c(0, 1))).
     Types not compatible: character is not integer
    
     -- 3. Failure: 2SLS margins are correct (@test_ivreg.R#122) -------------------
     z$Label not equal to as.factor(paste("actual =", c(0, 1))).
     Types not compatible: character is not integer
    
     -- 4. Failure: 2SLS margins handle weights (@test_ivreg.R#161) ----------------
     z$Label not equal to as.factor(paste("actual =", c(0, 1))).
     Types not compatible: character is not integer
    
     -- 5. Failure: 2SLS margins handle weights (@test_ivreg.R#189) ----------------
     z$Label not equal to as.factor(paste("actual =", c(0, 1))).
     Types not compatible: character is not integer
    
     -- 6. Failure: 2SLS margins handle missing covariates (@test_ivreg.R#246) -----
     z$Label not equal to as.factor(paste("actual =", c(0, 1))).
     Types not compatible: character is not integer
    
     -- 7. Failure: 2SLS margins handle missing covariates (@test_ivreg.R#266) -----
     z$Label not equal to as.factor(paste("actual =", c(0, 1))).
     Types not compatible: character is not integer
    
     -- 8. Failure: 2SLS margins handle missing weights (@test_ivreg.R#306) --------
     z$Label not equal to as.factor(paste("actual =", c(0, 1))).
     Types not compatible: character is not integer
    
     -- 9. Failure: 2SLS margins handle missing weights (@test_ivreg.R#333) --------
     z$Label not equal to as.factor(paste("actual =", c(0, 1))).
     Types not compatible: character is not integer
    
     -- 10. Failure: 2SLS margins handle missing weights and covariates (@test_ivreg.
     z$Label not equal to as.factor(paste("actual =", c(0, 1))).
     Types not compatible: character is not integer
    
     -- 11. Failure: 2SLS margins handle missing weights and covariates (@test_ivreg.
     z$Label not equal to as.factor(paste("actual =", c(0, 1))).
     Types not compatible: character is not integer
    
     == testthat results ===========================================================
     [ OK: 267 | SKIPPED: 0 | WARNINGS: 38 | FAILED: 11 ]
     1. Failure: Missing covariate, outcome, and weight data (@test_glm_weights.R#539)
     2. Failure: 2SLS margins are correct (@test_ivreg.R#94)
     3. Failure: 2SLS margins are correct (@test_ivreg.R#122)
     4. Failure: 2SLS margins handle weights (@test_ivreg.R#161)
     5. Failure: 2SLS margins handle weights (@test_ivreg.R#189)
     6. Failure: 2SLS margins handle missing covariates (@test_ivreg.R#246)
     7. Failure: 2SLS margins handle missing covariates (@test_ivreg.R#266)
     8. Failure: 2SLS margins handle missing weights (@test_ivreg.R#306)
     9. Failure: 2SLS margins handle missing weights (@test_ivreg.R#333)
     1. ...
    
     Error: testthat unit tests failed
     Execution halted
Flavor: r-devel-linux-x86_64-debian-clang

Version: 0.9.2
Check: tests
Result: ERROR
     Running ‘testthat.R’ [12s/16s]
    Running the tests in ‘tests/testthat.R’ failed.
    Complete output:
     > library(testthat)
     > library(modmarg)
     >
     > test_check("modmarg")
     ── 1. Failure: Missing covariate, outcome, and weight data (@test_glm_weights.R#
     z1$Label not equal to as.factor(c("treatment = 0", "treatment = 1")).
     Types not compatible: character is not integer
    
     ── 2. Failure: 2SLS margins are correct (@test_ivreg.R#94) ────────────────────
     z$Label not equal to as.factor(paste("actual =", c(0, 1))).
     Types not compatible: character is not integer
    
     ── 3. Failure: 2SLS margins are correct (@test_ivreg.R#122) ───────────────────
     z$Label not equal to as.factor(paste("actual =", c(0, 1))).
     Types not compatible: character is not integer
    
     ── 4. Failure: 2SLS margins handle weights (@test_ivreg.R#161) ────────────────
     z$Label not equal to as.factor(paste("actual =", c(0, 1))).
     Types not compatible: character is not integer
    
     ── 5. Failure: 2SLS margins handle weights (@test_ivreg.R#189) ────────────────
     z$Label not equal to as.factor(paste("actual =", c(0, 1))).
     Types not compatible: character is not integer
    
     ── 6. Failure: 2SLS margins handle missing covariates (@test_ivreg.R#246) ─────
     z$Label not equal to as.factor(paste("actual =", c(0, 1))).
     Types not compatible: character is not integer
    
     ── 7. Failure: 2SLS margins handle missing covariates (@test_ivreg.R#266) ─────
     z$Label not equal to as.factor(paste("actual =", c(0, 1))).
     Types not compatible: character is not integer
    
     ── 8. Failure: 2SLS margins handle missing weights (@test_ivreg.R#306) ────────
     z$Label not equal to as.factor(paste("actual =", c(0, 1))).
     Types not compatible: character is not integer
    
     ── 9. Failure: 2SLS margins handle missing weights (@test_ivreg.R#333) ────────
     z$Label not equal to as.factor(paste("actual =", c(0, 1))).
     Types not compatible: character is not integer
    
     ── 10. Failure: 2SLS margins handle missing weights and covariates (@test_ivreg.
     z$Label not equal to as.factor(paste("actual =", c(0, 1))).
     Types not compatible: character is not integer
    
     ── 11. Failure: 2SLS margins handle missing weights and covariates (@test_ivreg.
     z$Label not equal to as.factor(paste("actual =", c(0, 1))).
     Types not compatible: character is not integer
    
     ══ testthat results ═══════════════════════════════════════════════════════════
     [ OK: 267 | SKIPPED: 0 | WARNINGS: 38 | FAILED: 11 ]
     1. Failure: Missing covariate, outcome, and weight data (@test_glm_weights.R#539)
     2. Failure: 2SLS margins are correct (@test_ivreg.R#94)
     3. Failure: 2SLS margins are correct (@test_ivreg.R#122)
     4. Failure: 2SLS margins handle weights (@test_ivreg.R#161)
     5. Failure: 2SLS margins handle weights (@test_ivreg.R#189)
     6. Failure: 2SLS margins handle missing covariates (@test_ivreg.R#246)
     7. Failure: 2SLS margins handle missing covariates (@test_ivreg.R#266)
     8. Failure: 2SLS margins handle missing weights (@test_ivreg.R#306)
     9. Failure: 2SLS margins handle missing weights (@test_ivreg.R#333)
     1. ...
    
     Error: testthat unit tests failed
     Execution halted
Flavor: r-devel-linux-x86_64-debian-gcc

Version: 0.9.2
Check: tests
Result: ERROR
     Running ‘testthat.R’ [21s/31s]
    Running the tests in ‘tests/testthat.R’ failed.
    Complete output:
     > library(testthat)
     > library(modmarg)
     >
     > test_check("modmarg")
     ── 1. Failure: Missing covariate, outcome, and weight data (@test_glm_weights.R#
     z1$Label not equal to as.factor(c("treatment = 0", "treatment = 1")).
     Types not compatible: character is not integer
    
     ── 2. Failure: 2SLS margins are correct (@test_ivreg.R#94) ────────────────────
     z$Label not equal to as.factor(paste("actual =", c(0, 1))).
     Types not compatible: character is not integer
    
     ── 3. Failure: 2SLS margins are correct (@test_ivreg.R#122) ───────────────────
     z$Label not equal to as.factor(paste("actual =", c(0, 1))).
     Types not compatible: character is not integer
    
     ── 4. Failure: 2SLS margins handle weights (@test_ivreg.R#161) ────────────────
     z$Label not equal to as.factor(paste("actual =", c(0, 1))).
     Types not compatible: character is not integer
    
     ── 5. Failure: 2SLS margins handle weights (@test_ivreg.R#189) ────────────────
     z$Label not equal to as.factor(paste("actual =", c(0, 1))).
     Types not compatible: character is not integer
    
     ── 6. Failure: 2SLS margins handle missing covariates (@test_ivreg.R#246) ─────
     z$Label not equal to as.factor(paste("actual =", c(0, 1))).
     Types not compatible: character is not integer
    
     ── 7. Failure: 2SLS margins handle missing covariates (@test_ivreg.R#266) ─────
     z$Label not equal to as.factor(paste("actual =", c(0, 1))).
     Types not compatible: character is not integer
    
     ── 8. Failure: 2SLS margins handle missing weights (@test_ivreg.R#306) ────────
     z$Label not equal to as.factor(paste("actual =", c(0, 1))).
     Types not compatible: character is not integer
    
     ── 9. Failure: 2SLS margins handle missing weights (@test_ivreg.R#333) ────────
     z$Label not equal to as.factor(paste("actual =", c(0, 1))).
     Types not compatible: character is not integer
    
     ── 10. Failure: 2SLS margins handle missing weights and covariates (@test_ivreg.
     z$Label not equal to as.factor(paste("actual =", c(0, 1))).
     Types not compatible: character is not integer
    
     ── 11. Failure: 2SLS margins handle missing weights and covariates (@test_ivreg.
     z$Label not equal to as.factor(paste("actual =", c(0, 1))).
     Types not compatible: character is not integer
    
     ══ testthat results ═══════════════════════════════════════════════════════════
     [ OK: 267 | SKIPPED: 0 | WARNINGS: 38 | FAILED: 11 ]
     1. Failure: Missing covariate, outcome, and weight data (@test_glm_weights.R#539)
     2. Failure: 2SLS margins are correct (@test_ivreg.R#94)
     3. Failure: 2SLS margins are correct (@test_ivreg.R#122)
     4. Failure: 2SLS margins handle weights (@test_ivreg.R#161)
     5. Failure: 2SLS margins handle weights (@test_ivreg.R#189)
     6. Failure: 2SLS margins handle missing covariates (@test_ivreg.R#246)
     7. Failure: 2SLS margins handle missing covariates (@test_ivreg.R#266)
     8. Failure: 2SLS margins handle missing weights (@test_ivreg.R#306)
     9. Failure: 2SLS margins handle missing weights (@test_ivreg.R#333)
     1. ...
    
     Error: testthat unit tests failed
     Execution halted
Flavor: r-devel-linux-x86_64-fedora-clang

Version: 0.9.2
Check: tests
Result: ERROR
     Running ‘testthat.R’ [19s/22s]
    Running the tests in ‘tests/testthat.R’ failed.
    Complete output:
     > library(testthat)
     > library(modmarg)
     >
     > test_check("modmarg")
     ── 1. Failure: Missing covariate, outcome, and weight data (@test_glm_weights.R#
     z1$Label not equal to as.factor(c("treatment = 0", "treatment = 1")).
     Types not compatible: character is not integer
    
     ── 2. Failure: 2SLS margins are correct (@test_ivreg.R#94) ────────────────────
     z$Label not equal to as.factor(paste("actual =", c(0, 1))).
     Types not compatible: character is not integer
    
     ── 3. Failure: 2SLS margins are correct (@test_ivreg.R#122) ───────────────────
     z$Label not equal to as.factor(paste("actual =", c(0, 1))).
     Types not compatible: character is not integer
    
     ── 4. Failure: 2SLS margins handle weights (@test_ivreg.R#161) ────────────────
     z$Label not equal to as.factor(paste("actual =", c(0, 1))).
     Types not compatible: character is not integer
    
     ── 5. Failure: 2SLS margins handle weights (@test_ivreg.R#189) ────────────────
     z$Label not equal to as.factor(paste("actual =", c(0, 1))).
     Types not compatible: character is not integer
    
     ── 6. Failure: 2SLS margins handle missing covariates (@test_ivreg.R#246) ─────
     z$Label not equal to as.factor(paste("actual =", c(0, 1))).
     Types not compatible: character is not integer
    
     ── 7. Failure: 2SLS margins handle missing covariates (@test_ivreg.R#266) ─────
     z$Label not equal to as.factor(paste("actual =", c(0, 1))).
     Types not compatible: character is not integer
    
     ── 8. Failure: 2SLS margins handle missing weights (@test_ivreg.R#306) ────────
     z$Label not equal to as.factor(paste("actual =", c(0, 1))).
     Types not compatible: character is not integer
    
     ── 9. Failure: 2SLS margins handle missing weights (@test_ivreg.R#333) ────────
     z$Label not equal to as.factor(paste("actual =", c(0, 1))).
     Types not compatible: character is not integer
    
     ── 10. Failure: 2SLS margins handle missing weights and covariates (@test_ivreg.
     z$Label not equal to as.factor(paste("actual =", c(0, 1))).
     Types not compatible: character is not integer
    
     ── 11. Failure: 2SLS margins handle missing weights and covariates (@test_ivreg.
     z$Label not equal to as.factor(paste("actual =", c(0, 1))).
     Types not compatible: character is not integer
    
     ══ testthat results ═══════════════════════════════════════════════════════════
     [ OK: 267 | SKIPPED: 0 | WARNINGS: 38 | FAILED: 11 ]
     1. Failure: Missing covariate, outcome, and weight data (@test_glm_weights.R#539)
     2. Failure: 2SLS margins are correct (@test_ivreg.R#94)
     3. Failure: 2SLS margins are correct (@test_ivreg.R#122)
     4. Failure: 2SLS margins handle weights (@test_ivreg.R#161)
     5. Failure: 2SLS margins handle weights (@test_ivreg.R#189)
     6. Failure: 2SLS margins handle missing covariates (@test_ivreg.R#246)
     7. Failure: 2SLS margins handle missing covariates (@test_ivreg.R#266)
     8. Failure: 2SLS margins handle missing weights (@test_ivreg.R#306)
     9. Failure: 2SLS margins handle missing weights (@test_ivreg.R#333)
     1. ...
    
     Error: testthat unit tests failed
     Execution halted
Flavor: r-devel-linux-x86_64-fedora-gcc

Version: 0.9.2
Check: tests
Result: ERROR
     Running 'testthat.R' [12s]
    Running the tests in 'tests/testthat.R' failed.
    Complete output:
     > library(testthat)
     > library(modmarg)
     >
     > test_check("modmarg")
     -- 1. Failure: Missing covariate, outcome, and weight data (@test_glm_weights.R#
     z1$Label not equal to as.factor(c("treatment = 0", "treatment = 1")).
     Types not compatible: character is not integer
    
     -- 2. Failure: 2SLS margins are correct (@test_ivreg.R#94) --------------------
     z$Label not equal to as.factor(paste("actual =", c(0, 1))).
     Types not compatible: character is not integer
    
     -- 3. Failure: 2SLS margins are correct (@test_ivreg.R#122) -------------------
     z$Label not equal to as.factor(paste("actual =", c(0, 1))).
     Types not compatible: character is not integer
    
     -- 4. Failure: 2SLS margins handle weights (@test_ivreg.R#161) ----------------
     z$Label not equal to as.factor(paste("actual =", c(0, 1))).
     Types not compatible: character is not integer
    
     -- 5. Failure: 2SLS margins handle weights (@test_ivreg.R#189) ----------------
     z$Label not equal to as.factor(paste("actual =", c(0, 1))).
     Types not compatible: character is not integer
    
     -- 6. Failure: 2SLS margins handle missing covariates (@test_ivreg.R#246) -----
     z$Label not equal to as.factor(paste("actual =", c(0, 1))).
     Types not compatible: character is not integer
    
     -- 7. Failure: 2SLS margins handle missing covariates (@test_ivreg.R#266) -----
     z$Label not equal to as.factor(paste("actual =", c(0, 1))).
     Types not compatible: character is not integer
    
     -- 8. Failure: 2SLS margins handle missing weights (@test_ivreg.R#306) --------
     z$Label not equal to as.factor(paste("actual =", c(0, 1))).
     Types not compatible: character is not integer
    
     -- 9. Failure: 2SLS margins handle missing weights (@test_ivreg.R#333) --------
     z$Label not equal to as.factor(paste("actual =", c(0, 1))).
     Types not compatible: character is not integer
    
     -- 10. Failure: 2SLS margins handle missing weights and covariates (@test_ivreg.
     z$Label not equal to as.factor(paste("actual =", c(0, 1))).
     Types not compatible: character is not integer
    
     -- 11. Failure: 2SLS margins handle missing weights and covariates (@test_ivreg.
     z$Label not equal to as.factor(paste("actual =", c(0, 1))).
     Types not compatible: character is not integer
    
     == testthat results ===========================================================
     [ OK: 267 | SKIPPED: 0 | WARNINGS: 38 | FAILED: 11 ]
     1. Failure: Missing covariate, outcome, and weight data (@test_glm_weights.R#539)
     2. Failure: 2SLS margins are correct (@test_ivreg.R#94)
     3. Failure: 2SLS margins are correct (@test_ivreg.R#122)
     4. Failure: 2SLS margins handle weights (@test_ivreg.R#161)
     5. Failure: 2SLS margins handle weights (@test_ivreg.R#189)
     6. Failure: 2SLS margins handle missing covariates (@test_ivreg.R#246)
     7. Failure: 2SLS margins handle missing covariates (@test_ivreg.R#266)
     8. Failure: 2SLS margins handle missing weights (@test_ivreg.R#306)
     9. Failure: 2SLS margins handle missing weights (@test_ivreg.R#333)
     1. ...
    
     Error: testthat unit tests failed
     Execution halted
Flavor: r-devel-windows-ix86+x86_64

Version: 0.9.2
Check: tests
Result: ERROR
     Running ‘testthat.R’ [16s/18s]
    Running the tests in ‘tests/testthat.R’ failed.
    Complete output:
     > library(testthat)
     > library(modmarg)
     >
     > test_check("modmarg")
     ── 1. Failure: Missing covariate, outcome, and weight data (@test_glm_weights.R#
     z1$Label not equal to as.factor(c("treatment = 0", "treatment = 1")).
     Types not compatible: character is not integer
    
     ── 2. Failure: 2SLS margins are correct (@test_ivreg.R#94) ────────────────────
     z$Label not equal to as.factor(paste("actual =", c(0, 1))).
     Types not compatible: character is not integer
    
     ── 3. Failure: 2SLS margins are correct (@test_ivreg.R#122) ───────────────────
     z$Label not equal to as.factor(paste("actual =", c(0, 1))).
     Types not compatible: character is not integer
    
     ── 4. Failure: 2SLS margins handle weights (@test_ivreg.R#161) ────────────────
     z$Label not equal to as.factor(paste("actual =", c(0, 1))).
     Types not compatible: character is not integer
    
     ── 5. Failure: 2SLS margins handle weights (@test_ivreg.R#189) ────────────────
     z$Label not equal to as.factor(paste("actual =", c(0, 1))).
     Types not compatible: character is not integer
    
     ── 6. Failure: 2SLS margins handle missing covariates (@test_ivreg.R#246) ─────
     z$Label not equal to as.factor(paste("actual =", c(0, 1))).
     Types not compatible: character is not integer
    
     ── 7. Failure: 2SLS margins handle missing covariates (@test_ivreg.R#266) ─────
     z$Label not equal to as.factor(paste("actual =", c(0, 1))).
     Types not compatible: character is not integer
    
     ── 8. Failure: 2SLS margins handle missing weights (@test_ivreg.R#306) ────────
     z$Label not equal to as.factor(paste("actual =", c(0, 1))).
     Types not compatible: character is not integer
    
     ── 9. Failure: 2SLS margins handle missing weights (@test_ivreg.R#333) ────────
     z$Label not equal to as.factor(paste("actual =", c(0, 1))).
     Types not compatible: character is not integer
    
     ── 10. Failure: 2SLS margins handle missing weights and covariates (@test_ivreg.
     z$Label not equal to as.factor(paste("actual =", c(0, 1))).
     Types not compatible: character is not integer
    
     ── 11. Failure: 2SLS margins handle missing weights and covariates (@test_ivreg.
     z$Label not equal to as.factor(paste("actual =", c(0, 1))).
     Types not compatible: character is not integer
    
     ══ testthat results ═══════════════════════════════════════════════════════════
     [ OK: 267 | SKIPPED: 0 | WARNINGS: 38 | FAILED: 11 ]
     1. Failure: Missing covariate, outcome, and weight data (@test_glm_weights.R#539)
     2. Failure: 2SLS margins are correct (@test_ivreg.R#94)
     3. Failure: 2SLS margins are correct (@test_ivreg.R#122)
     4. Failure: 2SLS margins handle weights (@test_ivreg.R#161)
     5. Failure: 2SLS margins handle weights (@test_ivreg.R#189)
     6. Failure: 2SLS margins handle missing covariates (@test_ivreg.R#246)
     7. Failure: 2SLS margins handle missing covariates (@test_ivreg.R#266)
     8. Failure: 2SLS margins handle missing weights (@test_ivreg.R#306)
     9. Failure: 2SLS margins handle missing weights (@test_ivreg.R#333)
     1. ...
    
     Error: testthat unit tests failed
     Execution halted
Flavor: r-patched-linux-x86_64

Version: 0.9.2
Check: tests
Result: ERROR
     Running ‘testthat.R’ [25s/34s]
    Running the tests in ‘tests/testthat.R’ failed.
    Complete output:
     > library(testthat)
     > library(modmarg)
     >
     > test_check("modmarg")
     ── 1. Failure: Missing covariate, outcome, and weight data (@test_glm_weights.R#
     z1$Label not equal to as.factor(c("treatment = 0", "treatment = 1")).
     Types not compatible: character is not integer
    
     ── 2. Failure: 2SLS margins are correct (@test_ivreg.R#94) ────────────────────
     z$Label not equal to as.factor(paste("actual =", c(0, 1))).
     Types not compatible: character is not integer
    
     ── 3. Failure: 2SLS margins are correct (@test_ivreg.R#122) ───────────────────
     z$Label not equal to as.factor(paste("actual =", c(0, 1))).
     Types not compatible: character is not integer
    
     ── 4. Failure: 2SLS margins handle weights (@test_ivreg.R#161) ────────────────
     z$Label not equal to as.factor(paste("actual =", c(0, 1))).
     Types not compatible: character is not integer
    
     ── 5. Failure: 2SLS margins handle weights (@test_ivreg.R#189) ────────────────
     z$Label not equal to as.factor(paste("actual =", c(0, 1))).
     Types not compatible: character is not integer
    
     ── 6. Failure: 2SLS margins handle missing covariates (@test_ivreg.R#246) ─────
     z$Label not equal to as.factor(paste("actual =", c(0, 1))).
     Types not compatible: character is not integer
    
     ── 7. Failure: 2SLS margins handle missing covariates (@test_ivreg.R#266) ─────
     z$Label not equal to as.factor(paste("actual =", c(0, 1))).
     Types not compatible: character is not integer
    
     ── 8. Failure: 2SLS margins handle missing weights (@test_ivreg.R#306) ────────
     z$Label not equal to as.factor(paste("actual =", c(0, 1))).
     Types not compatible: character is not integer
    
     ── 9. Failure: 2SLS margins handle missing weights (@test_ivreg.R#333) ────────
     z$Label not equal to as.factor(paste("actual =", c(0, 1))).
     Types not compatible: character is not integer
    
     ── 10. Failure: 2SLS margins handle missing weights and covariates (@test_ivreg.
     z$Label not equal to as.factor(paste("actual =", c(0, 1))).
     Types not compatible: character is not integer
    
     ── 11. Failure: 2SLS margins handle missing weights and covariates (@test_ivreg.
     z$Label not equal to as.factor(paste("actual =", c(0, 1))).
     Types not compatible: character is not integer
    
     ══ testthat results ═══════════════════════════════════════════════════════════
     [ OK: 267 | SKIPPED: 0 | WARNINGS: 38 | FAILED: 11 ]
     1. Failure: Missing covariate, outcome, and weight data (@test_glm_weights.R#539)
     2. Failure: 2SLS margins are correct (@test_ivreg.R#94)
     3. Failure: 2SLS margins are correct (@test_ivreg.R#122)
     4. Failure: 2SLS margins handle weights (@test_ivreg.R#161)
     5. Failure: 2SLS margins handle weights (@test_ivreg.R#189)
     6. Failure: 2SLS margins handle missing covariates (@test_ivreg.R#246)
     7. Failure: 2SLS margins handle missing covariates (@test_ivreg.R#266)
     8. Failure: 2SLS margins handle missing weights (@test_ivreg.R#306)
     9. Failure: 2SLS margins handle missing weights (@test_ivreg.R#333)
     1. ...
    
     Error: testthat unit tests failed
     Execution halted
Flavor: r-patched-solaris-x86