CRAN Package Check Results for Package mojson

Last updated on 2021-09-28 18:48:42 CEST.

Flavor Version Tinstall Tcheck Ttotal Status Flags
r-devel-linux-x86_64-debian-clang 0.1 5.05 56.72 61.77 NOTE
r-devel-linux-x86_64-debian-gcc 0.1 4.41 42.60 47.01 NOTE
r-devel-linux-x86_64-fedora-clang 0.1 80.69 NOTE
r-devel-linux-x86_64-fedora-gcc 0.1 69.78 NOTE
r-devel-windows-x86_64 0.1 8.00 60.00 68.00 NOTE
r-devel-windows-x86_64-gcc10-UCRT 0.1 NOTE
r-patched-linux-x86_64 0.1 4.58 44.85 49.43 NOTE
r-patched-solaris-x86 0.1 93.20 NOTE
r-release-linux-x86_64 0.1 4.65 45.23 49.88 NOTE
r-release-macos-arm64 0.1 NOTE
r-release-macos-x86_64 0.1 NOTE
r-release-windows-ix86+x86_64 0.1 12.00 50.00 62.00 NOTE
r-oldrel-macos-x86_64 0.1 OK
r-oldrel-windows-ix86+x86_64 0.1 11.00 50.00 61.00 OK

Check Details

Version: 0.1
Check: LazyData
Result: NOTE
     'LazyData' is specified without a 'data' directory
Flavors: r-devel-linux-x86_64-debian-clang, r-devel-linux-x86_64-debian-gcc, r-devel-linux-x86_64-fedora-clang, r-devel-linux-x86_64-fedora-gcc, r-devel-windows-x86_64, r-devel-windows-x86_64-gcc10-UCRT, r-patched-linux-x86_64, r-patched-solaris-x86, r-release-linux-x86_64, r-release-macos-arm64, r-release-macos-x86_64, r-release-windows-ix86+x86_64