CRAN Package Check Results for Package molaR

Last updated on 2019-07-17 18:48:06 CEST.

Flavor Version Tinstall Tcheck Ttotal Status Flags
r-devel-linux-x86_64-debian-clang 4.4 11.91 271.78 283.69 OK
r-devel-linux-x86_64-debian-gcc 4.4 11.61 202.36 213.97 OK
r-devel-linux-x86_64-fedora-clang 4.4 347.54 OK
r-devel-linux-x86_64-fedora-gcc 4.4 316.24 OK
r-devel-windows-ix86+x86_64 4.4 34.00 327.00 361.00 OK
r-patched-linux-x86_64 4.4 12.63 266.69 279.32 OK
r-patched-solaris-x86 4.4 441.90 OK
r-release-linux-x86_64 4.4 11.71 266.73 278.44 OK
r-release-windows-ix86+x86_64 4.4 23.00 257.00 280.00 OK
r-release-osx-x86_64 4.4 WARN
r-oldrel-windows-ix86+x86_64 4.4 14.00 349.00 363.00 OK
r-oldrel-osx-x86_64 4.4 OK

Check Details

Version: 4.4
Check: whether package can be installed
Result: WARN
    Found the following significant warnings:
     Warning: 'rgl_init' failed, running with rgl.useNULL = TRUE
Flavor: r-release-osx-x86_64