CRAN Package Check Results for Package molaR

Last updated on 2019-10-18 18:47:57 CEST.

Flavor Version Tinstall Tcheck Ttotal Status Flags
r-devel-linux-x86_64-debian-clang 4.4 14.64 279.32 293.96 OK
r-devel-linux-x86_64-debian-gcc 4.4 12.16 201.47 213.63 OK
r-devel-linux-x86_64-fedora-clang 4.4 337.23 OK
r-devel-linux-x86_64-fedora-gcc 4.4 326.44 OK
r-devel-windows-ix86+x86_64 4.4 54.00 234.00 288.00 OK
r-patched-linux-x86_64 4.4 13.95 262.91 276.86 OK
r-patched-solaris-x86 4.4 433.70 OK
r-release-linux-x86_64 4.4 12.16 269.86 282.02 OK
r-release-windows-ix86+x86_64 4.4 31.00 352.00 383.00 OK
r-release-osx-x86_64 4.4 WARN
r-oldrel-windows-ix86+x86_64 4.4 16.00 251.00 267.00 OK
r-oldrel-osx-x86_64 4.4 OK

Check Details

Version: 4.4
Check: whether package can be installed
Result: WARN
    Found the following significant warnings:
     Warning: 'rgl_init' failed, running with rgl.useNULL = TRUE
Flavor: r-release-osx-x86_64