Last updated on 2021-01-20 00:48:24 CET.
Flavor | Version | Tinstall | Tcheck | Ttotal | Status | Flags |
---|---|---|---|---|---|---|
r-devel-linux-x86_64-debian-clang | 2.0.1 | 41.91 | 146.22 | 188.13 | OK | |
r-devel-linux-x86_64-debian-gcc | 2.0.1 | 31.66 | 106.80 | 138.46 | OK | |
r-devel-linux-x86_64-fedora-clang | 2.0.1 | 235.97 | NOTE | |||
r-devel-linux-x86_64-fedora-gcc | 2.0.1 | 236.38 | OK | |||
r-devel-windows-ix86+x86_64 | 2.0.1 | 74.00 | 197.00 | 271.00 | NOTE | |
r-patched-linux-x86_64 | 2.0.1 | 35.79 | 142.31 | 178.10 | OK | |
r-patched-solaris-x86 | 2.0.1 | 283.60 | OK | |||
r-release-linux-x86_64 | 2.0.1 | 37.38 | 142.24 | 179.62 | OK | |
r-release-macos-x86_64 | 2.0.1 | NOTE | ||||
r-release-windows-ix86+x86_64 | 2.0.1 | 81.00 | 190.00 | 271.00 | NOTE | |
r-oldrel-macos-x86_64 | 2.0.1 | NOTE | ||||
r-oldrel-windows-ix86+x86_64 | 2.0.1 | 70.00 | 169.00 | 239.00 | OK |
Version: 2.0.1
Check: installed package size
Result: NOTE
installed size is 5.9Mb
sub-directories of 1Mb or more:
extdata 1.6Mb
libs 3.0Mb
Flavors: r-devel-linux-x86_64-fedora-clang, r-devel-windows-ix86+x86_64, r-release-macos-x86_64, r-release-windows-ix86+x86_64, r-oldrel-macos-x86_64