CRAN Package Check Results for Package molnet

Last updated on 2021-10-27 18:51:09 CEST.

Flavor Version Tinstall Tcheck Ttotal Status Flags
r-devel-linux-x86_64-debian-clang 0.1.0 10.73 72.21 82.94 OK
r-devel-linux-x86_64-debian-gcc 0.1.0 10.24 59.49 69.73 OK
r-devel-linux-x86_64-fedora-clang 0.1.0 113.25 OK
r-devel-linux-x86_64-fedora-gcc 0.1.0 98.98 OK
r-devel-windows-x86_64 0.1.0 20.00 76.00 96.00 OK
r-devel-windows-x86_64-gcc10-UCRT 0.1.0 OK
r-patched-linux-x86_64 0.1.0 10.94 69.16 80.10 OK
r-patched-solaris-x86 0.1.0 137.40 OK
r-release-linux-x86_64 0.1.0 10.82 69.54 80.36 OK
r-release-macos-arm64 0.1.0 OK
r-release-macos-x86_64 0.1.0 ERROR
r-release-windows-ix86+x86_64 0.1.0 14.00 88.00 102.00 OK
r-oldrel-macos-x86_64 0.1.0 OK
r-oldrel-windows-ix86+x86_64 0.1.0 13.00 86.00 99.00 OK

Check Details

Version: 0.1.0
Check: package dependencies
Result: ERROR
    Package required but not available: ‘WGCNA’
    
    See section ‘The DESCRIPTION file’ in the ‘Writing R Extensions’
    manual.
Flavor: r-release-macos-x86_64