Last updated on 2022-07-06 08:51:53 CEST.
Flavor | Version | Tinstall | Tcheck | Ttotal | Status | Flags |
---|---|---|---|---|---|---|
r-devel-linux-x86_64-debian-clang | 3.1.3 | 177.40 | 301.51 | 478.91 | OK | |
r-devel-linux-x86_64-debian-gcc | 3.1.3 | 135.23 | 236.68 | 371.91 | OK | |
r-devel-linux-x86_64-fedora-clang | 3.1.3 | 643.45 | NOTE | |||
r-devel-linux-x86_64-fedora-gcc | 3.1.3 | 640.98 | OK | |||
r-devel-windows-x86_64 | 3.1.3 | 168.00 | 383.00 | 551.00 | OK | |
r-patched-linux-x86_64 | 3.1.3 | 154.68 | 322.67 | 477.35 | OK | |
r-release-linux-x86_64 | 3.1.3 | 147.54 | 321.69 | 469.23 | OK | |
r-release-macos-arm64 | 3.1.3 | 144.00 | NOTE | |||
r-release-macos-x86_64 | 3.1.3 | 304.00 | NOTE | |||
r-release-windows-x86_64 | 3.1.3 | 292.00 | 395.00 | 687.00 | OK | |
r-oldrel-macos-arm64 | 3.1.3 | 152.00 | NOTE | |||
r-oldrel-macos-x86_64 | 3.1.3 | 204.00 | NOTE | |||
r-oldrel-windows-ix86+x86_64 | 3.1.3 | 431.00 | 549.00 | 980.00 | OK |
Version: 3.1.3
Check: installed package size
Result: NOTE
installed size is 5.1Mb
sub-directories of 1Mb or more:
libs 3.6Mb
Flavors: r-devel-linux-x86_64-fedora-clang, r-release-macos-arm64, r-release-macos-x86_64, r-oldrel-macos-arm64, r-oldrel-macos-x86_64