Last updated on 2023-09-23 10:06:27 CEST.
Flavor | Version | Tinstall | Tcheck | Ttotal | Status | Flags |
---|---|---|---|---|---|---|
r-devel-linux-x86_64-debian-clang | 3.4.1 | 181.76 | 338.38 | 520.14 | OK | |
r-devel-linux-x86_64-debian-gcc | 3.4.1 | 140.35 | 265.60 | 405.95 | OK | |
r-devel-linux-x86_64-fedora-clang | 3.4.1 | 741.45 | OK | |||
r-devel-linux-x86_64-fedora-gcc | 3.4.1 | 750.91 | OK | |||
r-devel-windows-x86_64 | 3.4.1 | 147.00 | 310.00 | 457.00 | OK | |
r-patched-linux-x86_64 | 3.4.1 | 148.79 | 356.33 | 505.12 | OK | |
r-release-linux-x86_64 | 3.4.1 | 153.05 | 361.10 | 514.15 | OK | |
r-release-macos-arm64 | 3.4.1 | 163.00 | NOTE | |||
r-release-macos-x86_64 | 3.4.1 | 303.00 | NOTE | |||
r-release-windows-x86_64 | 3.4.1 | 204.00 | 384.00 | 588.00 | OK | |
r-oldrel-macos-arm64 | 3.4.1 | 141.00 | NOTE | |||
r-oldrel-macos-x86_64 | 3.4.1 | 233.00 | NOTE | |||
r-oldrel-windows-x86_64 | 3.4.1 | 197.00 | 411.00 | 608.00 | OK |
Version: 3.4.1
Check: installed package size
Result: NOTE
installed size is 6.6Mb
sub-directories of 1Mb or more:
libs 5.1Mb
Flavors: r-release-macos-arm64, r-release-macos-x86_64, r-oldrel-macos-arm64, r-oldrel-macos-x86_64