CRAN Package Check Results for Package mombf

Last updated on 2022-12-04 02:49:21 CET.

Flavor Version Tinstall Tcheck Ttotal Status Flags
r-devel-linux-x86_64-debian-clang 3.2.0 183.23 295.99 479.22 OK
r-devel-linux-x86_64-debian-gcc 3.2.0 142.06 229.90 371.96 OK
r-devel-linux-x86_64-fedora-clang 3.2.0 638.34 OK
r-devel-linux-x86_64-fedora-gcc 3.2.0 626.66 OK
r-devel-windows-x86_64 3.2.0 172.00 376.00 548.00 OK
r-patched-linux-x86_64 3.2.0 159.21 308.92 468.13 OK
r-release-linux-x86_64 3.2.0 142.87 314.55 457.42 OK
r-release-macos-arm64 3.2.0 161.00 NOTE
r-release-macos-x86_64 3.2.0 214.00 NOTE
r-release-windows-x86_64 3.2.0 177.00 398.00 575.00 OK
r-oldrel-macos-arm64 3.2.0 160.00 NOTE
r-oldrel-macos-x86_64 3.2.0 212.00 NOTE
r-oldrel-windows-ix86+x86_64 3.2.0 433.00 523.00 956.00 OK

Check Details

Version: 3.2.0
Check: installed package size
Result: NOTE
     installed size is 6.8Mb
     sub-directories of 1Mb or more:
     libs 5.4Mb
Flavors: r-release-macos-arm64, r-release-macos-x86_64, r-oldrel-macos-arm64, r-oldrel-macos-x86_64