CRAN Package Check Results for Package momentchi2

Last updated on 2021-05-14 11:50:51 CEST.

Flavor Version Tinstall Tcheck Ttotal Status Flags
r-devel-linux-x86_64-debian-clang 0.1.5 1.92 21.08 23.00 NOTE
r-devel-linux-x86_64-debian-gcc 0.1.5 1.52 17.03 18.55 NOTE
r-devel-linux-x86_64-fedora-clang 0.1.5 40.27 NOTE
r-devel-linux-x86_64-fedora-gcc 0.1.5 27.11 NOTE
r-devel-windows-ix86+x86_64 0.1.5 5.00 24.00 29.00 NOTE
r-devel-windows-x86_64-gcc10-UCRT 0.1.5 NOTE
r-patched-linux-x86_64 0.1.5 2.19 20.61 22.80 NOTE
r-patched-solaris-x86 0.1.5 44.50 NOTE
r-release-linux-x86_64 0.1.5 1.89 20.27 22.16 OK
r-release-macos-x86_64 0.1.5 OK
r-release-windows-ix86+x86_64 0.1.5 5.00 23.00 28.00 OK
r-oldrel-macos-x86_64 0.1.5 OK
r-oldrel-windows-ix86+x86_64 0.1.5 5.00 36.00 41.00 OK

Check Details

Version: 0.1.5
Check: LazyData
Result: NOTE
     'LazyData' is specified without a 'data' directory
Flavors: r-devel-linux-x86_64-debian-clang, r-devel-linux-x86_64-debian-gcc, r-devel-linux-x86_64-fedora-clang, r-devel-linux-x86_64-fedora-gcc, r-devel-windows-ix86+x86_64, r-devel-windows-x86_64-gcc10-UCRT, r-patched-linux-x86_64, r-patched-solaris-x86