CRAN Package Check Results for Package momr

Last updated on 2022-10-02 20:52:49 CEST.

Flavor Version Tinstall Tcheck Ttotal Status Flags
r-devel-linux-x86_64-debian-clang 1.1 4.60 46.74 51.34 OK
r-devel-linux-x86_64-debian-gcc 1.1 3.75 36.19 39.94 OK
r-devel-linux-x86_64-fedora-clang 1.1 76.03 NOTE
r-devel-linux-x86_64-fedora-gcc 1.1 71.14 OK
r-devel-windows-x86_64 1.1 29.00 80.00 109.00 NOTE
r-patched-linux-x86_64 1.1 3.49 44.06 47.55 OK
r-release-linux-x86_64 1.1 3.09 44.99 48.08 OK
r-release-macos-arm64 1.1 22.00 NOTE
r-release-macos-x86_64 1.1 39.00 NOTE
r-release-windows-x86_64 1.1 22.00 75.00 97.00 NOTE
r-oldrel-macos-arm64 1.1 26.00 NOTE
r-oldrel-macos-x86_64 1.1 43.00 NOTE
r-oldrel-windows-ix86+x86_64 1.1 10.00 69.00 79.00 NOTE

Check Details

Version: 1.1
Check: installed package size
Result: NOTE
     installed size is 7.3Mb
     sub-directories of 1Mb or more:
     data 2.1Mb
Flavors: r-devel-linux-x86_64-fedora-clang, r-devel-windows-x86_64, r-release-macos-arm64, r-release-macos-x86_64, r-release-windows-x86_64, r-oldrel-macos-arm64, r-oldrel-macos-x86_64, r-oldrel-windows-ix86+x86_64