CRAN Package Check Results for Package momr

Last updated on 2023-05-31 23:59:24 CEST.

Flavor Version Tinstall Tcheck Ttotal Status Flags
r-devel-linux-x86_64-debian-clang 1.1 5.06 40.99 46.05 OK
r-devel-linux-x86_64-debian-gcc 1.1 3.13 32.34 35.47 OK
r-devel-linux-x86_64-fedora-clang 1.1 57.89 NOTE
r-devel-linux-x86_64-fedora-gcc 1.1 55.45 OK
r-devel-windows-x86_64 1.1 6.00 59.00 65.00 NOTE
r-patched-linux-x86_64 1.1 OK
r-release-linux-x86_64 1.1 3.57 39.64 43.21 OK
r-release-macos-arm64 1.1 23.00 NOTE
r-release-macos-x86_64 1.1 32.00 NOTE
r-release-windows-x86_64 1.1 7.00 64.00 71.00 NOTE
r-oldrel-macos-arm64 1.1 22.00 NOTE
r-oldrel-macos-x86_64 1.1 39.00 NOTE
r-oldrel-windows-x86_64 1.1 7.00 61.00 68.00 NOTE

Check Details

Version: 1.1
Check: installed package size
Result: NOTE
     installed size is 7.4Mb
     sub-directories of 1Mb or more:
     data 2.1Mb
Flavors: r-devel-linux-x86_64-fedora-clang, r-devel-windows-x86_64, r-release-macos-arm64, r-release-macos-x86_64, r-release-windows-x86_64, r-oldrel-macos-arm64, r-oldrel-macos-x86_64, r-oldrel-windows-x86_64