Last updated on 2023-03-20 21:57:55 CET.
Flavor | Version | Tinstall | Tcheck | Ttotal | Status | Flags |
---|---|---|---|---|---|---|
r-devel-linux-x86_64-debian-clang | 0.2.2 | OK | ||||
r-devel-linux-x86_64-debian-gcc | 0.2.2 | 4.50 | 29.61 | 34.11 | OK | |
r-devel-linux-x86_64-fedora-clang | 0.2.2 | 55.12 | NOTE | |||
r-devel-linux-x86_64-fedora-gcc | 0.2.2 | 50.05 | OK | |||
r-patched-linux-x86_64 | 0.2.2 | 4.70 | 38.85 | 43.55 | OK | |
r-release-linux-x86_64 | 0.2.2 | 4.19 | 38.80 | 42.99 | OK | |
r-release-macos-arm64 | 0.2.2 | 22.00 | NOTE | |||
r-release-macos-x86_64 | 0.2.2 | 32.00 | NOTE | |||
r-release-windows-x86_64 | 0.2.2 | 36.00 | 74.00 | 110.00 | NOTE | |
r-oldrel-macos-arm64 | 0.2.2 | 21.00 | NOTE | |||
r-oldrel-macos-x86_64 | 0.2.2 | 34.00 | NOTE | |||
r-oldrel-windows-ix86+x86_64 | 0.2.2 | 14.00 | 69.00 | 83.00 | NOTE |
Version: 0.2.2
Check: installed package size
Result: NOTE
installed size is 14.9Mb
sub-directories of 1Mb or more:
htmlwidgets 14.7Mb
Flavors: r-devel-linux-x86_64-fedora-clang, r-release-macos-arm64, r-release-macos-x86_64, r-release-windows-x86_64, r-oldrel-macos-arm64, r-oldrel-macos-x86_64, r-oldrel-windows-ix86+x86_64