CRAN Package Check Results for Package monaco

Last updated on 2024-07-19 15:57:23 CEST.

Flavor Version Tinstall Tcheck Ttotal Status Flags
r-devel-linux-x86_64-debian-clang 0.2.2 3.73 39.07 42.80 OK
r-devel-linux-x86_64-debian-gcc 0.2.2 4.06 30.31 34.37 OK
r-devel-linux-x86_64-fedora-clang 0.2.2 54.20 NOTE
r-devel-linux-x86_64-fedora-gcc 0.2.2 52.66 OK
r-devel-windows-x86_64 0.2.2 9.00 52.00 61.00 NOTE
r-patched-linux-x86_64 0.2.2 4.70 38.44 43.14 OK
r-release-linux-x86_64 0.2.2 3.71 37.24 40.95 OK
r-release-macos-arm64 0.2.2 20.00 NOTE
r-release-macos-x86_64 0.2.2 31.00 NOTE
r-release-windows-x86_64 0.2.2 7.00 51.00 58.00 NOTE
r-oldrel-macos-arm64 0.2.2 25.00 NOTE
r-oldrel-macos-x86_64 0.2.2 29.00 NOTE
r-oldrel-windows-x86_64 0.2.2 8.00 59.00 67.00 NOTE

Check Details

Version: 0.2.2
Check: installed package size
Result: NOTE installed size is 14.9Mb sub-directories of 1Mb or more: htmlwidgets 14.7Mb Flavors: r-devel-linux-x86_64-fedora-clang, r-devel-windows-x86_64, r-release-macos-arm64, r-release-macos-x86_64, r-release-windows-x86_64, r-oldrel-macos-arm64, r-oldrel-macos-x86_64, r-oldrel-windows-x86_64