CRAN Package Check Results for Package monaco

Last updated on 2022-09-26 16:52:30 CEST.

Flavor Version Tinstall Tcheck Ttotal Status Flags
r-devel-linux-x86_64-debian-clang 0.2.2 4.70 39.71 44.41 OK
r-devel-linux-x86_64-debian-gcc 0.2.2 3.73 31.25 34.98 OK
r-devel-linux-x86_64-fedora-clang 0.2.2 65.89 NOTE
r-devel-linux-x86_64-fedora-gcc 0.2.2 62.78 OK
r-devel-windows-x86_64 0.2.2 44.00 71.00 115.00 NOTE
r-patched-linux-x86_64 0.2.2 4.76 38.41 43.17 OK
r-release-linux-x86_64 0.2.2 5.11 38.98 44.09 OK
r-release-macos-arm64 0.2.2 22.00 NOTE
r-release-macos-x86_64 0.2.2 32.00 NOTE
r-release-windows-x86_64 0.2.2 20.00 71.00 91.00 NOTE
r-oldrel-macos-arm64 0.2.2 21.00 NOTE
r-oldrel-macos-x86_64 0.2.2 34.00 NOTE
r-oldrel-windows-ix86+x86_64 0.2.2 13.00 66.00 79.00 NOTE

Check Details

Version: 0.2.2
Check: installed package size
Result: NOTE
     installed size is 14.9Mb
     sub-directories of 1Mb or more:
     htmlwidgets 14.7Mb
Flavors: r-devel-linux-x86_64-fedora-clang, r-devel-windows-x86_64, r-release-macos-arm64, r-release-macos-x86_64, r-release-windows-x86_64, r-oldrel-macos-arm64, r-oldrel-macos-x86_64, r-oldrel-windows-ix86+x86_64