CRAN Package Check Results for Package mongolite

Last updated on 2021-06-18 16:49:38 CEST.

Flavor Version Tinstall Tcheck Ttotal Status Flags
r-devel-linux-x86_64-debian-clang 2.3.1 48.14 29.69 77.83 OK
r-devel-linux-x86_64-debian-gcc 2.3.1 30.18 23.50 53.68 OK
r-devel-linux-x86_64-fedora-clang 2.3.1 98.45 OK
r-devel-linux-x86_64-fedora-gcc 2.3.1 90.33 OK
r-devel-windows-x86_64 2.3.1 265.00 61.00 326.00 OK
r-devel-windows-x86_64-gcc10-UCRT 2.3.1 WARN
r-patched-linux-x86_64 2.3.1 36.81 28.97 65.78 OK
r-patched-solaris-x86 2.3.1 143.10 ERROR
r-release-linux-x86_64 2.3.1 36.62 28.94 65.56 OK
r-release-macos-arm64 2.3.1 OK
r-release-macos-x86_64 2.3.1 OK
r-release-windows-ix86+x86_64 2.3.1 457.00 92.00 549.00 NOTE
r-oldrel-macos-x86_64 2.3.1 OK
r-oldrel-windows-ix86+x86_64 2.3.1 316.00 92.00 408.00 NOTE

Check Details

Version: 2.3.1
Check: whether package can be installed
Result: WARN
    Found the following significant warnings:
     WARNING: failed to apply patch patches/CRAN/mongolite.diff
Flavor: r-devel-windows-x86_64-gcc10-UCRT

Version: 2.3.1
Check: examples
Result: ERROR
    Running examples in ‘mongolite-Ex.R’ failed
    The error most likely occurred in:
    
    > ### Name: gridfs
    > ### Title: GridFS API
    > ### Aliases: gridfs
    >
    > ### ** Examples
    >
    > # Upload a file to GridFS
    > fs <- gridfs(url = "mongodb+srv://readwrite:test@cluster0-84vdt.mongodb.net/test")
    Error: No suitable servers found (`serverSelectionTryOnce` set): [TLS handshake failed: error:14090086:SSL routines:ssl3_get_server_certificate:certificate verify failed calling ismaster on 'cluster0-shard-00-01-84vdt.mongodb.net:27017'] [TLS handshake failed: error:14090086:SSL routines:ssl3_get_server_certificate:certificate verify failed calling ismaster on 'cluster0-shard-00-02-84vdt.mongodb.net:27017'] [TLS handshake failed: error:14090086:SSL routines:ssl3_get_server_certificate:certificate verify f
    Execution halted
Flavor: r-patched-solaris-x86

Version: 2.3.1
Check: installed package size
Result: NOTE
     installed size is 7.2Mb
     sub-directories of 1Mb or more:
     libs 7.1Mb
Flavors: r-release-windows-ix86+x86_64, r-oldrel-windows-ix86+x86_64