Last updated on 2021-01-21 06:49:50 CET.
Flavor | Version | Tinstall | Tcheck | Ttotal | Status | Flags |
---|---|---|---|---|---|---|
r-devel-linux-x86_64-debian-clang | 2.3.0 | 42.54 | 29.14 | 71.68 | OK | |
r-devel-linux-x86_64-debian-gcc | 2.3.0 | 30.01 | 23.50 | 53.51 | OK | |
r-devel-linux-x86_64-fedora-clang | 2.3.0 | 99.62 | OK | |||
r-devel-linux-x86_64-fedora-gcc | 2.3.0 | 91.31 | OK | |||
r-devel-windows-ix86+x86_64 | 2.2.1 | 338.00 | 78.00 | 416.00 | NOTE | |
r-patched-linux-x86_64 | 2.2.1 | 36.33 | 28.46 | 64.79 | OK | |
r-patched-solaris-x86 | 2.3.0 | 137.00 | ERROR | |||
r-release-linux-x86_64 | 2.2.1 | 35.53 | 28.60 | 64.13 | OK | |
r-release-macos-x86_64 | 2.2.1 | OK | ||||
r-release-windows-ix86+x86_64 | 2.2.1 | 391.00 | 87.00 | 478.00 | NOTE | |
r-oldrel-macos-x86_64 | 2.3.0 | OK | ||||
r-oldrel-windows-ix86+x86_64 | 2.2.1 | 239.00 | 71.00 | 310.00 | NOTE |
Version: 2.2.1
Check: installed package size
Result: NOTE
installed size is 7.2Mb
sub-directories of 1Mb or more:
libs 7.0Mb
Flavors: r-devel-windows-ix86+x86_64, r-release-windows-ix86+x86_64, r-oldrel-windows-ix86+x86_64
Version: 2.3.0
Check: examples
Result: ERROR
Running examples in ‘mongolite-Ex.R’ failed
The error most likely occurred in:
> ### Name: gridfs
> ### Title: GridFS API
> ### Aliases: gridfs
>
> ### ** Examples
>
> # Upload a file to GridFS
> fs <- gridfs(url = "mongodb+srv://readwrite:test@cluster0-84vdt.mongodb.net/test")
Error: No suitable servers found (`serverSelectionTryOnce` set): [TLS handshake failed: error:14090086:SSL routines:ssl3_get_server_certificate:certificate verify failed calling ismaster on 'cluster0-shard-00-02-84vdt.mongodb.net:27017'] [TLS handshake failed: error:14090086:SSL routines:ssl3_get_server_certificate:certificate verify failed calling ismaster on 'cluster0-shard-00-00-84vdt.mongodb.net:27017'] [TLS handshake failed: error:14090086:SSL routines:ssl3_get_server_certificate:certificate verify f
Execution halted
Flavor: r-patched-solaris-x86