Last updated on 2023-12-10 16:51:19 CET.
Flavor | Version | Tinstall | Tcheck | Ttotal | Status | Flags |
---|---|---|---|---|---|---|
r-devel-linux-x86_64-debian-clang | 1.0.7 | 13.42 | 121.50 | 134.92 | NOTE | |
r-devel-linux-x86_64-debian-gcc | 1.0.7 | 9.97 | 92.32 | 102.29 | NOTE | |
r-devel-linux-x86_64-fedora-clang | 1.0.7 | 181.55 | NOTE | |||
r-devel-linux-x86_64-fedora-gcc | 1.0.7 | 190.03 | OK | |||
r-devel-windows-x86_64 | 1.0.7 | 12.00 | 129.00 | 141.00 | OK | |
r-patched-linux-x86_64 | 1.0.7 | 15.53 | 119.39 | 134.92 | OK | |
r-release-linux-x86_64 | 1.0.7 | 10.78 | 117.98 | 128.76 | OK | |
r-release-macos-arm64 | 1.0.7 | 61.00 | OK | |||
r-release-macos-x86_64 | 1.0.7 | 102.00 | NOTE | |||
r-release-windows-x86_64 | 1.0.7 | 13.00 | 146.00 | 159.00 | OK | |
r-oldrel-macos-arm64 | 1.0.7 | 60.00 | OK | |||
r-oldrel-macos-x86_64 | 1.0.7 | 74.00 | OK | |||
r-oldrel-windows-x86_64 | 1.0.7 | 17.00 | 149.00 | 166.00 | OK |
Version: 1.0.7
Check: Rd files
Result: NOTE
checkRd: (-1) TemplateList-class.Rd:29: Lost braces in \itemize; meant \describe ?
checkRd: (-1) TemplateList-class.Rd:30: Lost braces in \itemize; meant \describe ?
checkRd: (-1) TemplateList-class.Rd:31: Lost braces in \itemize; meant \describe ?
checkRd: (-1) TemplateList-class.Rd:32: Lost braces in \itemize; meant \describe ?
checkRd: (-1) TemplateList-class.Rd:33: Lost braces in \itemize; meant \describe ?
checkRd: (-1) bindEvents.Rd:26: Lost braces in \itemize; meant \describe ?
checkRd: (-1) bindEvents.Rd:27: Lost braces in \itemize; meant \describe ?
checkRd: (-1) bindEvents.Rd:28: Lost braces in \itemize; meant \describe ?
Flavors: r-devel-linux-x86_64-debian-clang, r-devel-linux-x86_64-debian-gcc
Version: 1.0.7
Check: Rd cross-references
Result: NOTE
Undeclared package ‘seewave’ in Rd xrefs
Flavor: r-devel-linux-x86_64-fedora-clang
Version: 1.0.7
Check: package dependencies
Result: NOTE
Packages suggested but not available for checking: 'fftw', 'RODBC'
Flavor: r-release-macos-x86_64
Version: 1.0.7
Check: Rd cross-references
Result: NOTE
Packages unavailable to check Rd xrefs: ‘seewave’, ‘RODBC’
Flavor: r-release-macos-x86_64