CRAN Package Check Results for Package monomvn

Last updated on 2022-07-01 15:51:23 CEST.

Flavor Version Tinstall Tcheck Ttotal Status Flags
r-devel-linux-x86_64-debian-clang 1.9-15 15.57 58.79 74.36 NOTE
r-devel-linux-x86_64-debian-gcc 1.9-15 11.01 44.23 55.24 NOTE
r-devel-linux-x86_64-fedora-clang 1.9-15 102.20 NOTE
r-devel-linux-x86_64-fedora-gcc 1.9-15 95.75 NOTE
r-devel-windows-x86_64 1.9-15 23.00 93.00 116.00 NOTE
r-patched-linux-x86_64 1.9-15 14.91 54.99 69.90 OK
r-release-linux-x86_64 1.9-15 12.90 55.10 68.00 OK
r-release-macos-arm64 1.9-15 36.00 OK
r-release-macos-x86_64 1.9-15 41.00 OK
r-release-windows-x86_64 1.9-15 88.00 98.00 186.00 OK
r-oldrel-macos-arm64 1.9-15 27.00 OK
r-oldrel-macos-x86_64 1.9-15 41.00 OK
r-oldrel-windows-ix86+x86_64 1.9-15 37.00 106.00 143.00 OK

Check Details

Version: 1.9-15
Check: Rd files
Result: NOTE
    checkRd: (-1) bmonomvn.Rd:64: Escaped LaTeX specials: \&
    checkRd: (-1) bmonomvn.Rd:149: Escaped LaTeX specials: \&
    checkRd: (-1) returns.Rd:31: Escaped LaTeX specials: \$
    checkRd: (-1) returns.Rd:37: Escaped LaTeX specials: \&
Flavors: r-devel-linux-x86_64-debian-clang, r-devel-linux-x86_64-debian-gcc, r-devel-linux-x86_64-fedora-clang, r-devel-linux-x86_64-fedora-gcc, r-devel-windows-x86_64