CRAN Package Check Results for Package monreg

Last updated on 2019-08-17 18:46:16 CEST.

Flavor Version Tinstall Tcheck Ttotal Status Flags
r-devel-linux-x86_64-debian-clang 0.1.3 3.07 17.73 20.80 OK
r-devel-linux-x86_64-debian-gcc 0.1.3 2.79 14.61 17.40 OK
r-devel-linux-x86_64-fedora-clang 0.1.3 28.08 NOTE
r-devel-linux-x86_64-fedora-gcc 0.1.3 25.41 NOTE
r-devel-windows-ix86+x86_64 0.1.3 14.00 45.00 59.00 OK
r-patched-linux-x86_64 0.1.3 2.96 18.08 21.04 OK
r-patched-solaris-x86 0.1.3 43.30 OK
r-release-linux-x86_64 0.1.3 2.79 17.92 20.71 OK
r-release-windows-ix86+x86_64 0.1.3 9.00 44.00 53.00 OK
r-release-osx-x86_64 0.1.3 OK
r-oldrel-windows-ix86+x86_64 0.1.3 7.00 28.00 35.00 OK
r-oldrel-osx-x86_64 0.1.3 OK

Check Details

Version: 0.1.3
Check: compiled code
Result: NOTE
    File ‘monreg/libs/monreg.so’:
     Found no calls to: ‘R_registerRoutines’, ‘R_useDynamicSymbols’
    
    It is good practice to register native routines and to disable symbol
    search.
    
    See ‘Writing portable packages’ in the ‘Writing R Extensions’ manual.
Flavors: r-devel-linux-x86_64-fedora-clang, r-devel-linux-x86_64-fedora-gcc