CRAN Package Check Results for Package monreg

Last updated on 2019-02-16 00:53:00 CET.

Flavor Version Tinstall Tcheck Ttotal Status Flags
r-devel-linux-x86_64-debian-clang 0.1.3 2.70 17.34 20.04 OK
r-devel-linux-x86_64-debian-gcc 0.1.3 2.15 13.96 16.11 OK
r-devel-linux-x86_64-fedora-clang 0.1.3 25.87 NOTE
r-devel-linux-x86_64-fedora-gcc 0.1.3 23.79 NOTE
r-devel-windows-ix86+x86_64 0.1.3 8.00 44.00 52.00 OK
r-patched-linux-x86_64 0.1.3 2.21 16.23 18.44 OK
r-patched-solaris-x86 0.1.3 35.40 OK
r-release-linux-x86_64 0.1.3 1.96 16.37 18.33 OK
r-release-windows-ix86+x86_64 0.1.3 7.00 28.00 35.00 OK
r-release-osx-x86_64 0.1.3 OK
r-oldrel-windows-ix86+x86_64 0.1.3 7.00 38.00 45.00 OK
r-oldrel-osx-x86_64 0.1.3 OK

Check Details

Version: 0.1.3
Check: compiled code
Result: NOTE
    File ‘monreg/libs/monreg.so’:
     Found no calls to: ‘R_registerRoutines’, ‘R_useDynamicSymbols’
    
    It is good practice to register native routines and to disable symbol
    search.
    
    See ‘Writing portable packages’ in the ‘Writing R Extensions’ manual.
Flavors: r-devel-linux-x86_64-fedora-clang, r-devel-linux-x86_64-fedora-gcc