CRAN Package Check Results for Package monreg

Last updated on 2019-04-24 11:52:01 CEST.

Flavor Version Tinstall Tcheck Ttotal Status Flags
r-devel-linux-x86_64-debian-clang 0.1.3 2.96 17.00 19.96 OK
r-devel-linux-x86_64-debian-gcc 0.1.3 2.26 14.12 16.38 OK
r-devel-linux-x86_64-fedora-clang 0.1.3 25.90 NOTE
r-devel-linux-x86_64-fedora-gcc 0.1.3 24.60 NOTE
r-devel-windows-ix86+x86_64 0.1.3 13.00 31.00 44.00 OK
r-patched-linux-x86_64 0.1.3 2.57 17.38 19.95 OK
r-patched-solaris-x86 0.1.3 38.20 OK
r-release-linux-x86_64 0.1.3 2.14 16.33 18.47 OK
r-release-windows-ix86+x86_64 0.1.3 7.00 28.00 35.00 OK
r-release-osx-x86_64 0.1.3 OK
r-oldrel-windows-ix86+x86_64 0.1.3 7.00 38.00 45.00 OK
r-oldrel-osx-x86_64 0.1.3 OK

Check Details

Version: 0.1.3
Check: compiled code
Result: NOTE
    File ‘monreg/libs/monreg.so’:
     Found no calls to: ‘R_registerRoutines’, ‘R_useDynamicSymbols’
    
    It is good practice to register native routines and to disable symbol
    search.
    
    See ‘Writing portable packages’ in the ‘Writing R Extensions’ manual.
Flavors: r-devel-linux-x86_64-fedora-clang, r-devel-linux-x86_64-fedora-gcc