CRAN Package Check Results for Package moonBook

Last updated on 2021-04-16 23:48:10 CEST.

Flavor Version Tinstall Tcheck Ttotal Status Flags
r-devel-linux-x86_64-debian-clang 0.2.4 7.20 89.28 96.48 OK
r-devel-linux-x86_64-debian-gcc 0.2.4 4.80 64.40 69.20 OK
r-devel-linux-x86_64-fedora-clang 0.2.4 124.21 NOTE
r-devel-linux-x86_64-fedora-gcc 0.2.4 106.42 NOTE
r-devel-windows-ix86+x86_64 0.2.4 18.00 5.00 23.00 ERROR
r-devel-windows-x86_64-gcc10-UCRT 0.2.4 NOTE
r-patched-linux-x86_64 0.2.4 7.13 82.61 89.74 OK
r-patched-solaris-x86 0.2.4 151.70 NOTE
r-release-linux-x86_64 0.2.4 6.41 82.92 89.33 OK
r-release-macos-x86_64 0.2.4 NOTE
r-release-windows-ix86+x86_64 0.2.4 23.00 112.00 135.00 OK
r-oldrel-macos-x86_64 0.2.4 NOTE
r-oldrel-windows-ix86+x86_64 0.2.4 10.00 106.00 116.00 OK

Check Details

Version: 0.2.4
Check: dependencies in R code
Result: NOTE
    Namespace in Imports field not imported from: ‘ztable’
     All declared Imports should be used.
Flavors: r-devel-linux-x86_64-fedora-clang, r-devel-linux-x86_64-fedora-gcc, r-devel-windows-x86_64-gcc10-UCRT, r-patched-solaris-x86, r-release-macos-x86_64, r-oldrel-macos-x86_64

Version: 0.2.4
Check: whether package can be installed
Result: ERROR
    Installation failed.
Flavor: r-devel-windows-ix86+x86_64