CRAN Package Check Results for Package morgenstemning

Last updated on 2020-09-19 02:23:32 CEST.

Flavor Version Tinstall Tcheck Ttotal Status Flags
r-devel-linux-x86_64-debian-clang 1.0 1.94 22.56 24.50 NOTE
r-devel-linux-x86_64-debian-gcc 1.0 1.72 18.27 19.99 NOTE
r-devel-linux-x86_64-fedora-clang 1.0 39.65 NOTE
r-devel-linux-x86_64-fedora-gcc 1.0 30.11 NOTE
r-devel-windows-ix86+x86_64 1.0 4.00 33.00 37.00 NOTE
r-patched-linux-x86_64 1.0 1.99 23.07 25.06 NOTE
r-patched-solaris-x86 1.0 47.50 NOTE
r-release-linux-x86_64 1.0 1.97 22.61 24.58 NOTE
r-release-macos-x86_64 1.0 NOTE
r-release-windows-ix86+x86_64 1.0 5.00 30.00 35.00 NOTE
r-oldrel-macos-x86_64 1.0 NOTE
r-oldrel-windows-ix86+x86_64 1.0 3.00 40.00 43.00 NOTE

Check Details

Version: 1.0
Check: R code for possible problems
Result: NOTE
    ametrine : <anonymous>: no visible global function definition for
     'approx'
    ametrine: no visible global function definition for 'rgb'
    isolum : <anonymous>: no visible global function definition for
     'approx'
    isolum: no visible global function definition for 'rgb'
    morgenstemning : <anonymous>: no visible global function definition for
     'approx'
    morgenstemning: no visible global function definition for 'rgb'
    Undefined global functions or variables:
     approx rgb
    Consider adding
     importFrom("grDevices", "rgb")
     importFrom("stats", "approx")
    to your NAMESPACE file.
Flavors: r-devel-linux-x86_64-debian-clang, r-devel-linux-x86_64-debian-gcc, r-devel-linux-x86_64-fedora-clang, r-devel-linux-x86_64-fedora-gcc, r-devel-windows-ix86+x86_64, r-patched-linux-x86_64, r-patched-solaris-x86, r-release-linux-x86_64, r-release-macos-x86_64, r-release-windows-ix86+x86_64, r-oldrel-macos-x86_64, r-oldrel-windows-ix86+x86_64