CRAN Package Check Results for Package mortyr

Last updated on 2021-10-20 02:50:11 CEST.

Flavor Version Tinstall Tcheck Ttotal Status Flags
r-devel-linux-x86_64-debian-clang 0.0.2 2.03 24.11 26.14 NOTE
r-devel-linux-x86_64-debian-gcc 0.0.2 1.52 18.78 20.30 NOTE
r-devel-linux-x86_64-fedora-clang 0.0.2 41.86 NOTE
r-devel-linux-x86_64-fedora-gcc 0.0.2 31.25 NOTE
r-devel-windows-x86_64 0.0.2 5.00 43.00 48.00 NOTE
r-devel-windows-x86_64-gcc10-UCRT 0.0.2 NOTE
r-patched-linux-x86_64 0.0.2 1.94 23.13 25.07 NOTE
r-patched-solaris-x86 0.0.2 50.80 NOTE
r-release-linux-x86_64 0.0.2 1.78 23.72 25.50 NOTE
r-release-macos-arm64 0.0.2 NOTE
r-release-macos-x86_64 0.0.2 NOTE
r-release-windows-ix86+x86_64 0.0.2 5.00 50.00 55.00 NOTE
r-oldrel-macos-x86_64 0.0.2 OK
r-oldrel-windows-ix86+x86_64 0.0.2 6.00 49.00 55.00 OK

Check Details

Version: 0.0.2
Check: LazyData
Result: NOTE
     'LazyData' is specified without a 'data' directory
Flavors: r-devel-linux-x86_64-debian-clang, r-devel-linux-x86_64-debian-gcc, r-devel-linux-x86_64-fedora-clang, r-devel-linux-x86_64-fedora-gcc, r-devel-windows-x86_64, r-devel-windows-x86_64-gcc10-UCRT, r-patched-linux-x86_64, r-patched-solaris-x86, r-release-linux-x86_64, r-release-macos-arm64, r-release-macos-x86_64, r-release-windows-ix86+x86_64