CRAN Package Check Results for Package mosaic

Last updated on 2017-12-12 22:47:20 CET.

Flavor Version Tinstall Tcheck Ttotal Status Flags
r-devel-linux-x86_64-debian-clang 1.1.1 10.22 377.19 387.41 OK
r-devel-linux-x86_64-debian-gcc 1.1.1 9.59 293.98 303.57 OK
r-devel-linux-x86_64-fedora-clang 1.1.1 436.41 OK
r-devel-windows-ix86+x86_64 1.1.1 39.00 405.00 444.00 OK
r-patched-linux-x86_64 1.1.1 10.92 384.45 395.37 OK
r-patched-solaris-x86 1.1.1 562.80 NOTE
r-release-linux-x86_64 1.1.1 11.81 376.65 388.46 OK
r-release-windows-ix86+x86_64 1.1.1 25.00 386.00 411.00 OK
r-release-osx-x86_64 1.1.1 OK
r-oldrel-windows-ix86+x86_64 1.1.1 25.00 455.00 480.00 OK
r-oldrel-osx-x86_64 1.1.1 OK

Check Details

Version: 1.1.1
Check: installed package size
Result: NOTE
     installed size is 5.2Mb
     sub-directories of 1Mb or more:
     R 2.0Mb
     doc 2.6Mb
Flavor: r-patched-solaris-x86