CRAN Package Check Results for Package mosaic

Last updated on 2017-04-29 23:50:34.

Flavor Version Tinstall Tcheck Ttotal Status Flags
r-devel-linux-x86_64-debian-clang 0.14.4 9.26 252.74 262.00 NOTE
r-devel-linux-x86_64-debian-gcc 0.14.4 8.77 240.56 249.32 NOTE
r-devel-linux-x86_64-fedora-clang 0.14.4 558.97 NOTE --no-stop-on-test-error
r-devel-linux-x86_64-fedora-gcc 0.14.4 508.48 NOTE --no-stop-on-test-error
r-devel-windows-ix86+x86_64 0.14.4 39.00 628.00 667.00 NOTE
r-patched-linux-x86_64 0.14.4 9.26 246.11 255.37 NOTE
r-patched-solaris-sparc 0.14.4 2979.20 NOTE
r-patched-solaris-x86 0.14.4 649.20 NOTE
r-release-linux-x86_64 0.14.4 9.22 245.26 254.48 NOTE
r-release-windows-ix86+x86_64 0.14.4 32.00 624.00 656.00 NOTE
r-release-osx-x86_64 0.14.4 WARN
r-oldrel-windows-ix86+x86_64 0.14.4 32.00 583.00 615.00 NOTE
r-oldrel-osx-x86_64 0.14.4 NOTE

Check Details

Version: 0.14.4
Check: R code for possible problems
Result: NOTE
    mMap: no visible binding for global variable ‘facet’
    mScatter: no visible binding for global variable ‘facet’
    mUniplot: no visible binding for global variable ‘facet’
    Undefined global functions or variables:
     facet
Flavors: r-devel-linux-x86_64-debian-clang, r-devel-linux-x86_64-debian-gcc, r-devel-windows-ix86+x86_64, r-patched-linux-x86_64, r-patched-solaris-sparc, r-patched-solaris-x86, r-release-linux-x86_64, r-release-windows-ix86+x86_64, r-release-osx-x86_64, r-oldrel-windows-ix86+x86_64

Version: 0.14.4
Flags: --no-stop-on-test-error
Check: installed package size
Result: NOTE
     installed size is 9.3Mb
     sub-directories of 1Mb or more:
     R 1.8Mb
     doc 6.9Mb
Flavors: r-devel-linux-x86_64-fedora-clang, r-devel-linux-x86_64-fedora-gcc

Version: 0.14.4
Flags: --no-stop-on-test-error
Check: R code for possible problems
Result: NOTE
    mMap: no visible binding for global variable ‘facet’
    mScatter: no visible binding for global variable ‘facet’
    mUniplot: no visible binding for global variable ‘facet’
    Undefined global functions or variables:
     facet
Flavors: r-devel-linux-x86_64-fedora-clang, r-devel-linux-x86_64-fedora-gcc

Version: 0.14.4
Check: installed package size
Result: NOTE
     installed size is 9.2Mb
     sub-directories of 1Mb or more:
     R 1.8Mb
     doc 6.8Mb
Flavors: r-devel-windows-ix86+x86_64, r-patched-solaris-sparc, r-patched-solaris-x86, r-release-windows-ix86+x86_64, r-release-osx-x86_64, r-oldrel-windows-ix86+x86_64, r-oldrel-osx-x86_64

Version: 0.14.4
Check: re-building of vignette outputs
Result: WARN
    Error in re-building vignettes:
     ...
    Loading required package: parallel
    Using parallel package.
     * Set seed with set.rseed().
     * Disable this message with options(`mosaic:parallelMessage` = FALSE)
    
    Using parallel package.
     * Set seed with set.rseed().
     * Disable this message with options(`mosaic:parallelMessage` = FALSE)
    
    Error in texi2dvi(file = file, pdf = TRUE, clean = clean, quiet = quiet, :
     Running 'texi2dvi' on 'Resampling.tex' failed.
    LaTeX errors:
    ! LaTeX Error: File `xstring.sty' not found.
    
    Type X to quit or <RETURN> to proceed,
    or enter new name. (Default extension: sty)
    
    ! Emergency stop.
    <read *>
    
    l.5 \RequirePackage
     {xcolor}^^M
    ! ==> Fatal error occurred, no output PDF file produced!
    Calls: buildVignettes -> texi2pdf -> texi2dvi
    Execution halted
Flavor: r-release-osx-x86_64