CRAN Package Check Results for Package mosaic

Last updated on 2018-12-17 01:46:45 CET.

Flavor Version Tinstall Tcheck Ttotal Status Flags
r-devel-linux-x86_64-debian-clang 1.4.0 19.32 6.57 25.89 ERROR
r-devel-linux-x86_64-debian-gcc 1.4.0 18.31 3.47 21.78 ERROR
r-devel-linux-x86_64-fedora-clang 1.4.0 368.05 OK
r-devel-linux-x86_64-fedora-gcc 1.4.0 346.25 OK
r-devel-windows-ix86+x86_64 1.4.0 43.00 384.00 427.00 OK
r-patched-linux-x86_64 1.4.0 15.20 285.58 300.78 OK
r-patched-solaris-x86 1.4.0 502.90 OK
r-release-linux-x86_64 1.4.0 19.96 277.72 297.68 OK
r-release-windows-ix86+x86_64 1.4.0 48.00 379.00 427.00 OK
r-release-osx-x86_64 1.4.0 WARN
r-oldrel-windows-ix86+x86_64 1.4.0 38.00 423.00 461.00 OK
r-oldrel-osx-x86_64 1.4.0 OK

Check Details

Version: 1.4.0
Check: whether the package can be loaded
Result: ERROR
    Loading this package had a fatal error status code 1
    Loading log:
    Loading required package: dplyr
    Error: package or namespace load failed for ‘dplyr’ in dyn.load(file, DLLpath = DLLpath, ...):
     unable to load shared object ‘/home/hornik/tmp/R.check/r-devel-clang/Work/build/Packages/rlang/libs/rlang.so’:
     /home/hornik/tmp/R.check/r-devel-clang/Work/build/Packages/rlang/libs/rlang.so: failed to map segment from shared object
    Error: package ‘dplyr’ could not be loaded
    Execution halted
Flavor: r-devel-linux-x86_64-debian-clang

Version: 1.4.0
Check: whether the package can be loaded
Result: ERROR
    Loading this package had a fatal error status code 1
    Loading log:
    Loading required package: dplyr
    Error: package or namespace load failed for ‘dplyr’ in dyn.load(file, DLLpath = DLLpath, ...):
     unable to load shared object ‘/home/hornik/tmp/R.check/r-devel-gcc/Work/build/Packages/rlang/libs/rlang.so’:
     /home/hornik/tmp/R.check/r-devel-gcc/Work/build/Packages/rlang/libs/rlang.so: failed to map segment from shared object
    Error: package ‘dplyr’ could not be loaded
    Execution halted
Flavor: r-devel-linux-x86_64-debian-gcc

Version: 1.4.0
Check: whether package can be installed
Result: WARN
    Found the following significant warnings:
     Warning: package ‘dplyr’ was built under R version 3.5.1
Flavor: r-release-osx-x86_64