CRAN Package Check Results for Package mosaic

Last updated on 2018-10-16 09:48:46 CEST.

Flavor Version Tinstall Tcheck Ttotal Status Flags
r-devel-linux-x86_64-debian-clang 1.4.0 21.22 298.79 320.01 OK
r-devel-linux-x86_64-debian-gcc 1.4.0 15.66 224.05 239.71 OK
r-devel-linux-x86_64-fedora-clang 1.4.0 382.37 OK
r-devel-linux-x86_64-fedora-gcc 1.4.0 375.54 OK
r-devel-windows-ix86+x86_64 1.4.0 45.00 395.00 440.00 OK
r-patched-linux-x86_64 1.4.0 18.03 281.39 299.42 OK
r-patched-solaris-x86 1.4.0 494.00 OK
r-release-linux-x86_64 1.4.0 16.92 280.25 297.17 OK
r-release-windows-ix86+x86_64 1.4.0 46.00 369.00 415.00 OK
r-release-osx-x86_64 1.4.0 WARN
r-oldrel-windows-ix86+x86_64 1.4.0 37.00 334.00 371.00 OK
r-oldrel-osx-x86_64 1.4.0 OK

Check Details

Version: 1.4.0
Check: whether package can be installed
Result: WARN
    Found the following significant warnings:
     Warning: package ‘dplyr’ was built under R version 3.5.1
Flavor: r-release-osx-x86_64