CRAN Package Check Results for Package mosaic

Last updated on 2018-02-18 23:50:48 CET.

Flavor Version Tinstall Tcheck Ttotal Status Flags
r-devel-linux-x86_64-debian-clang 1.1.1 19.58 299.01 318.59 OK
r-devel-linux-x86_64-debian-gcc 1.1.1 15.06 262.19 277.25 OK
r-devel-linux-x86_64-fedora-clang 1.1.1 451.50 NOTE
r-devel-linux-x86_64-fedora-gcc 1.1.1 409.64 NOTE
r-devel-windows-ix86+x86_64 1.1.1 32.00 315.00 347.00 OK
r-patched-linux-x86_64 1.1.1 11.22 363.17 374.39 OK
r-patched-solaris-x86 1.1.1 543.10 NOTE
r-release-linux-x86_64 1.1.1 10.41 365.24 375.65 OK
r-release-windows-ix86+x86_64 1.1.1 38.00 335.00 373.00 OK
r-release-osx-x86_64 1.1.1 OK
r-oldrel-windows-ix86+x86_64 1.1.1 23.00 457.00 480.00 OK
r-oldrel-osx-x86_64 1.1.1 OK

Check Details

Version: 1.1.1
Check: installed package size
Result: NOTE
     installed size is 5.0Mb
     sub-directories of 1Mb or more:
     R 2.1Mb
     doc 2.4Mb
Flavors: r-devel-linux-x86_64-fedora-clang, r-devel-linux-x86_64-fedora-gcc, r-patched-solaris-x86