Last updated on 2023-10-02 16:05:14 CEST.
Flavor | Version | Tinstall | Tcheck | Ttotal | Status | Flags |
---|---|---|---|---|---|---|
r-devel-linux-x86_64-debian-clang | 1.8.4.2 | 29.19 | 460.20 | 489.39 | OK | |
r-devel-linux-x86_64-debian-gcc | 1.8.4.2 | 24.84 | 339.64 | 364.48 | OK | |
r-devel-linux-x86_64-fedora-clang | 1.8.4.2 | 586.88 | NOTE | |||
r-devel-linux-x86_64-fedora-gcc | 1.8.4.2 | 584.63 | OK | |||
r-devel-windows-x86_64 | 1.8.4.2 | 27.00 | 346.00 | 373.00 | OK | |
r-patched-linux-x86_64 | 1.8.4.2 | 31.05 | 435.31 | 466.36 | OK | |
r-release-linux-x86_64 | 1.8.4.2 | 24.12 | 443.82 | 467.94 | OK | |
r-release-macos-arm64 | 1.8.4.2 | 167.00 | OK | |||
r-release-macos-x86_64 | 1.8.4.2 | 347.00 | OK | |||
r-release-windows-x86_64 | 1.8.4.2 | 37.00 | 470.00 | 507.00 | OK | |
r-oldrel-macos-arm64 | 1.8.4.2 | 116.00 | OK | |||
r-oldrel-macos-x86_64 | 1.8.4.2 | 202.00 | OK | |||
r-oldrel-windows-x86_64 | 1.8.4.2 | 36.00 | 437.00 | 473.00 | OK |
Version: 1.8.4.2
Check: Rd cross-references
Result: NOTE
Undeclared package ‘cubature’ in Rd xrefs
Flavor: r-devel-linux-x86_64-fedora-clang