CRAN Package Check Results for Package mosaic

Last updated on 2020-09-23 08:08:34 CEST.

Flavor Version Tinstall Tcheck Ttotal Status Flags
r-devel-linux-x86_64-debian-clang 1.8.2 27.13 490.62 517.75 OK
r-devel-linux-x86_64-debian-gcc 1.8.2 23.47 355.29 378.76 OK
r-devel-linux-x86_64-fedora-clang 1.8.2 509.13 NOTE
r-devel-linux-x86_64-fedora-gcc 1.8.2 617.32 NOTE
r-devel-windows-ix86+x86_64 1.8.2 53.00 554.00 607.00 OK
r-patched-linux-x86_64 1.8.2 19.39 454.81 474.20 OK
r-patched-solaris-x86 1.8.2 726.40 NOTE
r-release-linux-x86_64 1.8.2 21.05 464.81 485.86 OK
r-release-macos-x86_64 1.8.2 NOTE
r-release-windows-ix86+x86_64 1.8.2 42.00 466.00 508.00 OK
r-oldrel-macos-x86_64 1.8.2 NOTE
r-oldrel-windows-ix86+x86_64 1.8.2 37.00 412.00 449.00 OK

Check Details

Version: 1.8.2
Check: dependencies in R code
Result: NOTE
    Namespaces in Imports field not imported from:
     ‘ggridges’ ‘ggstance’
     All declared Imports should be used.
Flavors: r-devel-linux-x86_64-fedora-clang, r-devel-linux-x86_64-fedora-gcc, r-patched-solaris-x86, r-release-macos-x86_64, r-oldrel-macos-x86_64

Version: 1.8.2
Check: Rd cross-references
Result: NOTE
    Undeclared package ‘cubature’ in Rd xrefs
Flavor: r-devel-linux-x86_64-fedora-clang