CRAN Package Check Results for Package mosaic

Last updated on 2018-04-24 19:54:26 CEST.

Flavor Version Tinstall Tcheck Ttotal Status Flags
r-devel-linux-x86_64-debian-clang 1.1.1 18.56 247.32 265.88 ERROR
r-devel-linux-x86_64-debian-gcc 1.1.1 17.85 196.03 213.88 ERROR
r-devel-linux-x86_64-fedora-clang 1.1.1 415.89 NOTE
r-devel-linux-x86_64-fedora-gcc 1.1.1 385.18 NOTE
r-devel-windows-ix86+x86_64 1.1.1 46.00 288.00 334.00 OK
r-patched-linux-x86_64 1.1.1 19.34 252.21 271.55 ERROR
r-patched-solaris-x86 1.1.1 489.10 NOTE
r-release-linux-x86_64 1.1.1 18.54 247.95 266.49 ERROR
r-release-windows-ix86+x86_64 1.1.1 46.00 288.00 334.00 OK
r-release-osx-x86_64 1.1.1 OK
r-oldrel-windows-ix86+x86_64 1.1.1 28.00 331.00 359.00 OK
r-oldrel-osx-x86_64 1.1.1 OK

Check Details

Version: 1.1.1
Check: examples
Result: ERROR
    Running examples in ‘mosaic-Ex.R’ failed
    The error most likely occurred in:
    
    > base::assign(".ptime", proc.time(), pos = "CheckExEnv")
    > ### Name: cor_test.formula
    > ### Title: Alternative formula interface for cor.test
    > ### Aliases: cor_test.formula cor.test cor_test.default
    >
    > ### ** Examples
    >
    > # This is an example from example(stats::cor.test) done in old and new style
    > require(graphics)
    > cor.test(~ CONT + INTG, data = USJudgeRatings)
    Error in UseMethod("cor_test") :
     no applicable method for 'cor_test' applied to an object of class "formula"
    Calls: cor.test
    Execution halted
Flavors: r-devel-linux-x86_64-debian-clang, r-devel-linux-x86_64-debian-gcc, r-patched-linux-x86_64, r-release-linux-x86_64

Version: 1.1.1
Check: installed package size
Result: NOTE
     installed size is 5.0Mb
     sub-directories of 1Mb or more:
     R 2.1Mb
     doc 2.4Mb
Flavors: r-devel-linux-x86_64-fedora-clang, r-devel-linux-x86_64-fedora-gcc, r-patched-solaris-x86