CRAN Package Check Results for Package mosaic

Last updated on 2017-08-19 04:46:45.

Flavor Version Tinstall Tcheck Ttotal Status Flags
r-devel-linux-x86_64-debian-clang 1.0.0 9.65 300.49 310.14 OK
r-devel-linux-x86_64-debian-gcc 1.0.0 9.45 299.67 309.12 OK
r-devel-linux-x86_64-fedora-clang 1.0.0 616.74 NOTE
r-devel-linux-x86_64-fedora-gcc 1.0.0 621.68 NOTE
r-devel-windows-ix86+x86_64 1.0.0 21.00 529.00 550.00 NOTE
r-patched-linux-x86_64 1.0.0 9.37 307.64 317.02 OK
r-patched-solaris-x86 1.0.0 748.20 NOTE
r-release-linux-x86_64 1.0.0 8.87 305.01 313.88 OK
r-release-windows-ix86+x86_64 1.0.0 31.00 519.00 550.00 NOTE
r-release-osx-x86_64 1.0.0 WARN
r-oldrel-windows-ix86+x86_64 1.0.0 24.00 510.00 534.00 NOTE
r-oldrel-osx-x86_64 1.0.0 NOTE

Check Details

Version: 1.0.0
Check: installed package size
Result: NOTE
     installed size is 9.9Mb
     sub-directories of 1Mb or more:
     R 1.8Mb
     doc 7.5Mb
Flavors: r-devel-linux-x86_64-fedora-clang, r-devel-linux-x86_64-fedora-gcc, r-devel-windows-ix86+x86_64, r-patched-solaris-x86, r-release-windows-ix86+x86_64, r-release-osx-x86_64, r-oldrel-windows-ix86+x86_64, r-oldrel-osx-x86_64

Version: 1.0.0
Check: re-building of vignette outputs
Result: WARN
    Error in re-building vignettes:
     ...
    
    Using parallel package.
     * Set seed with set.rseed().
     * Disable this message with options(`mosaic:parallelMessage` = FALSE)
    
    Using parallel package.
     * Set seed with set.rseed().
     * Disable this message with options(`mosaic:parallelMessage` = FALSE)
    
    Error in texi2dvi(file = file, pdf = TRUE, clean = clean, quiet = quiet, :
     Running 'texi2dvi' on 'Resampling.tex' failed.
    LaTeX errors:
    ! LaTeX Error: File `xstring.sty' not found.
    
    Type X to quit or <RETURN> to proceed,
    or enter new name. (Default extension: sty)
    
    ! Emergency stop.
    <read *>
    
    l.5 \RequirePackage
     {xcolor}^^M
    ! ==> Fatal error occurred, no output PDF file produced!
    Calls: buildVignettes -> texi2pdf -> texi2dvi
    Execution halted
Flavor: r-release-osx-x86_64