CRAN Package Check Results for Package mosaic

Last updated on 2017-10-21 02:48:47.

Flavor Version Tinstall Tcheck Ttotal Status Flags
r-devel-linux-x86_64-debian-clang 1.1.0 8.45 207.11 215.56 OK
r-devel-linux-x86_64-debian-gcc 1.1.0 8.98 221.12 230.10 OK
r-devel-linux-x86_64-fedora-clang 1.1.0 454.34 OK
r-devel-linux-x86_64-fedora-gcc 1.1.0 452.06 OK
r-devel-windows-ix86+x86_64 1.1.0 20.00 338.00 358.00 OK
r-patched-linux-x86_64 1.1.0 8.75 206.34 215.09 OK
r-patched-solaris-x86 1.1.0 545.20 NOTE
r-release-linux-x86_64 1.1.0 8.41 205.40 213.81 OK
r-release-windows-ix86+x86_64 1.1.0 33.00 463.00 496.00 OK
r-release-osx-x86_64 1.1.0 WARN
r-oldrel-windows-ix86+x86_64 1.1.0 40.00 448.00 488.00 OK
r-oldrel-osx-x86_64 1.1.0 OK

Check Details

Version: 1.1.0
Check: installed package size
Result: NOTE
     installed size is 5.2Mb
     sub-directories of 1Mb or more:
     R 2.0Mb
     doc 2.6Mb
Flavor: r-patched-solaris-x86

Version: 1.1.0
Check: re-building of vignette outputs
Result: WARN
    Error in re-building vignettes:
     ...
    
    Using parallel package.
     * Set seed with set.rseed().
     * Disable this message with options(`mosaic:parallelMessage` = FALSE)
    
    Using parallel package.
     * Set seed with set.rseed().
     * Disable this message with options(`mosaic:parallelMessage` = FALSE)
    
    Error in texi2dvi(file = file, pdf = TRUE, clean = clean, quiet = quiet, :
     Running 'texi2dvi' on 'Resampling.tex' failed.
    LaTeX errors:
    ! LaTeX Error: File `xstring.sty' not found.
    
    Type X to quit or <RETURN> to proceed,
    or enter new name. (Default extension: sty)
    
    ! Emergency stop.
    <read *>
    
    l.5 \RequirePackage
     {xcolor}^^M
    ! ==> Fatal error occurred, no output PDF file produced!
    Calls: buildVignettes -> texi2pdf -> texi2dvi
    Execution halted
Flavor: r-release-osx-x86_64