CRAN Package Check Results for Package mosaic

Last updated on 2021-04-22 11:50:22 CEST.

Flavor Version Tinstall Tcheck Ttotal Status Flags
r-devel-linux-x86_64-debian-clang 1.8.3 28.71 478.88 507.59 OK
r-devel-linux-x86_64-debian-gcc 1.8.3 25.89 344.19 370.08 OK
r-devel-linux-x86_64-fedora-clang 1.8.3 630.12 NOTE
r-devel-linux-x86_64-fedora-gcc 1.8.3 575.69 NOTE
r-devel-windows-ix86+x86_64 1.8.3 56.00 512.00 568.00 OK
r-devel-windows-x86_64-gcc10-UCRT 1.8.3 NOTE
r-patched-linux-x86_64 1.8.3 27.36 454.29 481.65 OK
r-patched-solaris-x86 1.8.3 770.50 NOTE
r-release-linux-x86_64 1.8.3 27.51 457.78 485.29 OK
r-release-macos-x86_64 1.8.3 NOTE
r-release-windows-ix86+x86_64 1.8.3 54.00 489.00 543.00 OK
r-oldrel-macos-x86_64 1.8.3 NOTE
r-oldrel-windows-ix86+x86_64 1.8.3 52.00 574.00 626.00 OK

Check Details

Version: 1.8.3
Check: dependencies in R code
Result: NOTE
    Namespaces in Imports field not imported from:
     ‘ggridges’ ‘ggstance’
     All declared Imports should be used.
Flavors: r-devel-linux-x86_64-fedora-clang, r-devel-linux-x86_64-fedora-gcc, r-devel-windows-x86_64-gcc10-UCRT, r-patched-solaris-x86, r-release-macos-x86_64, r-oldrel-macos-x86_64

Version: 1.8.3
Check: Rd cross-references
Result: NOTE
    Undeclared package ‘cubature’ in Rd xrefs
Flavor: r-devel-linux-x86_64-fedora-clang

Version: 1.8.3
Check: package dependencies
Result: NOTE
    Package suggested but not available for checking: 'rgl'
Flavor: r-devel-windows-x86_64-gcc10-UCRT