Last updated on 2023-03-22 02:54:07 CET.
Flavor | Version | Tinstall | Tcheck | Ttotal | Status | Flags |
---|---|---|---|---|---|---|
r-devel-linux-x86_64-debian-clang | 1.8.4.2 | 35.02 | 694.70 | 729.72 | OK | |
r-devel-linux-x86_64-debian-gcc | 1.8.4.2 | 25.98 | 525.04 | 551.02 | OK | |
r-devel-linux-x86_64-fedora-clang | 1.8.4.2 | 882.30 | NOTE | |||
r-devel-linux-x86_64-fedora-gcc | 1.8.4.2 | 852.79 | OK | |||
r-patched-linux-x86_64 | 1.8.4.2 | 33.35 | 646.64 | 679.99 | OK | |
r-release-linux-x86_64 | 1.8.4.2 | 33.98 | 656.14 | 690.12 | OK | |
r-release-macos-arm64 | 1.8.4.2 | 116.00 | OK | |||
r-release-macos-x86_64 | 1.8.4.2 | 202.00 | OK | |||
r-release-windows-x86_64 | 1.8.4.2 | 132.00 | 726.00 | 858.00 | OK | |
r-oldrel-macos-arm64 | 1.8.4.2 | 110.00 | OK | |||
r-oldrel-macos-x86_64 | 1.8.4.2 | 200.00 | OK | |||
r-oldrel-windows-ix86+x86_64 | 1.8.4.2 | 55.00 | 784.00 | 839.00 | OK |
Version: 1.8.4.2
Check: Rd cross-references
Result: NOTE
Undeclared package ‘cubature’ in Rd xrefs
Flavor: r-devel-linux-x86_64-fedora-clang