CRAN Package Check Results for Package mosaic

Last updated on 2020-07-16 18:50:46 CEST.

Flavor Version Tinstall Tcheck Ttotal Status Flags
r-devel-linux-x86_64-debian-clang 1.7.0 32.92 370.06 402.98 OK
r-devel-linux-x86_64-debian-gcc 1.7.0 24.16 268.62 292.78 OK
r-devel-linux-x86_64-fedora-clang 1.7.0 462.39 NOTE
r-devel-linux-x86_64-fedora-gcc 1.7.0 481.09 OK
r-devel-windows-ix86+x86_64 1.7.0 73.00 468.00 541.00 OK
r-patched-linux-x86_64 1.7.0 22.04 347.53 369.57 OK
r-patched-solaris-x86 1.7.0 607.50 OK
r-release-linux-x86_64 1.7.0 30.75 345.71 376.46 OK
r-release-windows-ix86+x86_64 1.7.0 65.00 512.00 577.00 OK
r-oldrel-macos-x86_64 1.7.0 OK
r-oldrel-windows-ix86+x86_64 1.7.0 57.00 492.00 549.00 OK

Check Details

Version: 1.7.0
Check: Rd cross-references
Result: NOTE
    Undeclared package ‘cubature’ in Rd xrefs
Flavor: r-devel-linux-x86_64-fedora-clang