Last updated on 2022-07-05 13:49:56 CEST.
Flavor | Version | Tinstall | Tcheck | Ttotal | Status | Flags |
---|---|---|---|---|---|---|
r-devel-linux-x86_64-debian-clang | 1.8.3 | 31.40 | 481.47 | 512.87 | OK | |
r-devel-linux-x86_64-debian-gcc | 1.8.3 | 25.84 | 339.26 | 365.10 | OK | |
r-devel-linux-x86_64-fedora-clang | 1.8.3 | 621.47 | NOTE | |||
r-devel-linux-x86_64-fedora-gcc | 1.8.3 | 617.16 | NOTE | |||
r-devel-windows-x86_64 | 1.8.3 | 172.00 | 505.00 | 677.00 | OK | |
r-patched-linux-x86_64 | 1.8.3 | 33.76 | 436.32 | 470.08 | OK | |
r-release-linux-x86_64 | 1.8.3 | 32.39 | 437.47 | 469.86 | OK | |
r-release-macos-arm64 | 1.8.3 | 150.00 | NOTE | |||
r-release-macos-x86_64 | 1.8.3 | 252.00 | NOTE | |||
r-release-windows-x86_64 | 1.8.3 | 251.00 | 512.00 | 763.00 | OK | |
r-oldrel-macos-arm64 | 1.8.3 | 223.00 | NOTE | |||
r-oldrel-macos-x86_64 | 1.8.3 | 324.00 | NOTE | |||
r-oldrel-windows-ix86+x86_64 | 1.8.3 | 59.00 | 533.00 | 592.00 | OK |
Version: 1.8.3
Check: dependencies in R code
Result: NOTE
Namespaces in Imports field not imported from:
‘ggridges’ ‘ggstance’
All declared Imports should be used.
Flavors: r-devel-linux-x86_64-fedora-clang, r-devel-linux-x86_64-fedora-gcc, r-release-macos-arm64, r-release-macos-x86_64, r-oldrel-macos-arm64, r-oldrel-macos-x86_64
Version: 1.8.3
Check: Rd cross-references
Result: NOTE
Undeclared package ‘cubature’ in Rd xrefs
Flavor: r-devel-linux-x86_64-fedora-clang