CRAN Package Check Results for Package mosaic

Last updated on 2018-08-20 05:49:20 CEST.

Flavor Version Tinstall Tcheck Ttotal Status Flags
r-devel-linux-x86_64-debian-clang 1.4.0 18.41 290.88 309.29 OK
r-devel-linux-x86_64-debian-gcc 1.4.0 15.94 227.16 243.10 OK
r-devel-linux-x86_64-fedora-clang 1.4.0 379.13 OK
r-devel-linux-x86_64-fedora-gcc 1.4.0 375.48 OK
r-devel-windows-ix86+x86_64 1.4.0 46.00 391.00 437.00 OK
r-patched-linux-x86_64 1.4.0 17.46 276.04 293.50 OK
r-patched-solaris-x86 1.4.0 489.80 OK
r-release-linux-x86_64 1.4.0 16.48 280.18 296.66 OK
r-release-windows-ix86+x86_64 1.4.0 48.00 269.00 317.00 OK
r-release-osx-x86_64 1.4.0 WARN
r-oldrel-windows-ix86+x86_64 1.4.0 28.00 421.00 449.00 OK
r-oldrel-osx-x86_64 1.4.0 OK

Check Details

Version: 1.4.0
Check: whether package can be installed
Result: WARN
    Found the following significant warnings:
     Warning: package ‘dplyr’ was built under R version 3.5.1
Flavor: r-release-osx-x86_64