CRAN Package Check Results for Package mosaic

Last updated on 2018-06-22 14:46:42 CEST.

Flavor Version Tinstall Tcheck Ttotal Status Flags
r-devel-linux-x86_64-debian-clang 1.2.0 20.56 302.68 323.24 OK
r-devel-linux-x86_64-debian-gcc 1.2.0 17.01 229.85 246.86 OK
r-devel-linux-x86_64-fedora-clang 1.2.0 391.78 OK
r-devel-linux-x86_64-fedora-gcc 1.2.0 384.30 OK
r-devel-windows-ix86+x86_64 1.2.0 33.00 276.00 309.00 OK
r-patched-linux-x86_64 1.2.0 18.37 286.74 305.11 OK
r-patched-solaris-x86 1.2.0 477.90 NOTE
r-release-linux-x86_64 1.2.0 21.51 283.22 304.73 OK
r-release-windows-ix86+x86_64 1.2.0 32.00 299.00 331.00 OK
r-release-osx-x86_64 1.2.0 OK
r-oldrel-windows-ix86+x86_64 1.2.0 27.00 297.00 324.00 OK
r-oldrel-osx-x86_64 1.2.0 OK

Check Details

Version: 1.2.0
Check: installed package size
Result: NOTE
     installed size is 5.1Mb
     sub-directories of 1Mb or more:
     R 2.3Mb
     doc 2.2Mb
Flavor: r-patched-solaris-x86