CRAN Package Check Results for Package mosaicData

Last updated on 2022-01-20 22:54:09 CET.

Flavor Version Tinstall Tcheck Ttotal Status Flags
r-devel-linux-x86_64-debian-clang 0.20.2 OK
r-devel-linux-x86_64-debian-gcc 0.20.2 3.63 36.37 40.00 OK
r-devel-linux-x86_64-fedora-clang 0.20.2 62.79 NOTE
r-devel-linux-x86_64-fedora-gcc 0.20.2 53.52 NOTE
r-devel-windows-x86_64-new-UL 0.20.2 88.00 74.00 162.00 OK
r-devel-windows-x86_64-new-TK 0.20.2 NOTE
r-patched-linux-x86_64 0.20.2 5.02 44.80 49.82 OK
r-release-linux-x86_64 0.20.2 3.92 44.72 48.64 OK
r-release-macos-arm64 0.20.2 NOTE
r-release-macos-x86_64 0.20.2 NOTE
r-release-windows-ix86+x86_64 0.20.2 8.00 63.00 71.00 OK
r-oldrel-macos-x86_64 0.20.2 NOTE
r-oldrel-windows-ix86+x86_64 0.20.2 9.00 63.00 72.00 OK

Check Details

Version: 0.20.2
Check: data for non-ASCII characters
Result: NOTE
     Note: found 7 marked UTF-8 strings
Flavors: r-devel-linux-x86_64-fedora-clang, r-devel-linux-x86_64-fedora-gcc, r-devel-windows-x86_64-new-TK, r-release-macos-arm64, r-release-macos-x86_64, r-oldrel-macos-x86_64