CRAN Package Check Results for Package mosum

Last updated on 2024-02-21 02:52:19 CET.

Flavor Version Tinstall Tcheck Ttotal Status Flags
r-devel-linux-x86_64-debian-clang 1.2.7 NOTE
r-devel-linux-x86_64-debian-gcc 1.2.7 34.71 36.69 71.40 NOTE
r-devel-linux-x86_64-fedora-clang 1.2.7 129.47 OK
r-devel-linux-x86_64-fedora-gcc 1.2.7 128.90 OK
r-devel-windows-x86_64 1.2.7 34.00 91.00 125.00 OK
r-patched-linux-x86_64 1.2.7 40.50 47.06 87.56 OK
r-release-linux-x86_64 1.2.7 38.04 46.52 84.56 OK
r-release-macos-arm64 1.2.7 39.00 OK
r-release-macos-x86_64 1.2.7 66.00 OK
r-release-windows-x86_64 1.2.7 43.00 95.00 138.00 OK
r-oldrel-macos-arm64 1.2.7 38.00 OK
r-oldrel-windows-x86_64 1.2.7 41.00 79.00 120.00 OK

Check Details

Version: 1.2.7
Check: Rd files
Result: NOTE checkRd: (-1) bandwidths.default.Rd:26: Lost braces; missing escapes or markup? 26 | with G_0 = G_1 = max(\code{G.min}, 2/3*\code{d.min}), G_{j+1} = G_{j-1} + G_j (for j = 1, ..., m-1) | ^ checkRd: (-1) bandwidths.default.Rd:26: Lost braces; missing escapes or markup? 26 | with G_0 = G_1 = max(\code{G.min}, 2/3*\code{d.min}), G_{j+1} = G_{j-1} + G_j (for j = 1, ..., m-1) | ^ checkRd: (-1) bandwidths.default.Rd:27: Lost braces; missing escapes or markup? 27 | and m satisfying G_m <= \code{G.max} while G_{m+1} > \code{G.max}. | ^ checkRd: (-1) exhaust_sc.Rd:23: Lost braces; missing escapes or markup? 23 | to the empty set, sc[3,] to {k_1,k_2} [0..011], etc. | ^ checkRd: (-1) extract_sub.Rd:6: Lost braces 6 | S_i = sum{j=k_i+1}^{k_{i+1}}x_i and the partial sums of squared | ^ checkRd: (-1) extract_sub.Rd:6: Lost braces 6 | S_i = sum{j=k_i+1}^{k_{i+1}}x_i and the partial sums of squared | ^ checkRd: (-1) extract_sub.Rd:6: Lost braces; missing escapes or markup? 6 | S_i = sum{j=k_i+1}^{k_{i+1}}x_i and the partial sums of squared | ^ checkRd: (-1) extract_sub.Rd:7: Lost braces 7 | T_i = sum{j=k_i+1}^{k_{i+1}}x_i^2 | ^ checkRd: (-1) extract_sub.Rd:7: Lost braces 7 | T_i = sum{j=k_i+1}^{k_{i+1}}x_i^2 | ^ checkRd: (-1) extract_sub.Rd:7: Lost braces; missing escapes or markup? 7 | T_i = sum{j=k_i+1}^{k_{i+1}}x_i^2 | ^ checkRd: (-1) extract_sub.Rd:8: Lost braces; missing escapes or markup? 8 | between the (sorted) candidates k_i and k_{i+1} in cand. | ^ checkRd: (-1) extract_sub.Rd:9: Lost braces; missing escapes or markup? 9 | Output: data frame with 4 columns k_i | k_{i+1} | S_i | T_i} | ^ checkRd: (-1) extract_sub.Rd:15: Lost braces 15 | S_i = sum{j=k_i+1}^{k_{i+1}}x_i and the partial sums of squared | ^ checkRd: (-1) extract_sub.Rd:15: Lost braces 15 | S_i = sum{j=k_i+1}^{k_{i+1}}x_i and the partial sums of squared | ^ checkRd: (-1) extract_sub.Rd:15: Lost braces; missing escapes or markup? 15 | S_i = sum{j=k_i+1}^{k_{i+1}}x_i and the partial sums of squared | ^ checkRd: (-1) extract_sub.Rd:16: Lost braces 16 | T_i = sum{j=k_i+1}^{k_{i+1}}x_i^2 | ^ checkRd: (-1) extract_sub.Rd:16: Lost braces 16 | T_i = sum{j=k_i+1}^{k_{i+1}}x_i^2 | ^ checkRd: (-1) extract_sub.Rd:16: Lost braces; missing escapes or markup? 16 | T_i = sum{j=k_i+1}^{k_{i+1}}x_i^2 | ^ checkRd: (-1) extract_sub.Rd:17: Lost braces; missing escapes or markup? 17 | between the (sorted) candidates k_i and k_{i+1} in cand. | ^ checkRd: (-1) extract_sub.Rd:18: Lost braces; missing escapes or markup? 18 | Output: data frame with 4 columns k_i | k_{i+1} | S_i | T_i | ^ checkRd: (-1) mosum.Rd:39: Lost braces in \itemize; meant \describe ? checkRd: (-1) mosum.Rd:40: Lost braces in \itemize; meant \describe ? checkRd: (-1) mosum.Rd:41: Lost braces in \itemize; meant \describe ? checkRd: (-1) mosum.Rd:42: Lost braces in \itemize; meant \describe ? checkRd: (-1) mosum.Rd:64: Lost braces in \itemize; meant \describe ? checkRd: (-1) mosum.Rd:65: Lost braces in \itemize; meant \describe ? checkRd: (-1) mosum.stat.Rd:29: Lost braces in \itemize; meant \describe ? checkRd: (-1) mosum.stat.Rd:30: Lost braces in \itemize; meant \describe ? checkRd: (-1) mosum.stat.Rd:31: Lost braces in \itemize; meant \describe ? checkRd: (-1) mosum.stat.Rd:32: Lost braces in \itemize; meant \describe ? checkRd: (-1) multiscale.grid.Rd:22-23: Lost braces in \itemize; meant \describe ? checkRd: (-1) multiscale.grid.Rd:24: Lost braces in \itemize; meant \describe ? checkRd: (-1) multiscale.localPrune.Rd:53: Lost braces in \itemize; meant \describe ? checkRd: (-1) multiscale.localPrune.Rd:54: Lost braces in \itemize; meant \describe ? checkRd: (-1) multiscale.localPrune.Rd:59: Lost braces in \itemize; meant \describe ? checkRd: (-1) multiscale.localPrune.Rd:60: Lost braces in \itemize; meant \describe ? checkRd: (-1) next_bit_permutation.Rd:7: Lost braces; missing escapes or markup? 7 | Example sequence (2 bits): {0011, 0101, 0110, 1001, 1010, 1100}. | ^ checkRd: (-1) next_bit_permutation.Rd:15: Lost braces; missing escapes or markup? 15 | Example sequence (2 bits): {0011, 0101, 0110, 1001, 1010, 1100}. | ^ checkRd: (-1) plot.mosum.cpts.Rd:21: Lost braces in \itemize; meant \describe ? checkRd: (-1) plot.mosum.cpts.Rd:22: Lost braces in \itemize; meant \describe ? checkRd: (-1) plot.multiscale.cpts.Rd:23: Lost braces in \itemize; meant \describe ? checkRd: (-1) plot.multiscale.cpts.Rd:24-25: Lost braces in \itemize; meant \describe ? checkRd: (-1) plot.multiscale.cpts.Rd:31: Lost braces in \itemize; meant \describe ? checkRd: (-1) plot.multiscale.cpts.Rd:32: Lost braces in \itemize; meant \describe ? checkRd: (-1) plot.multiscale.cpts.Rd:33: Lost braces in \itemize; meant \describe ? checkRd: (-1) testData.Rd:41-42: Lost braces in \itemize; \value handles \item{}{} directly checkRd: (-1) testData.Rd:43: Lost braces in \itemize; \value handles \item{}{} directly checkRd: (-1) testData.Rd:44: Lost braces in \itemize; \value handles \item{}{} directly checkRd: (-1) testData.Rd:45: Lost braces in \itemize; \value handles \item{}{} directly checkRd: (-1) testSignal.Rd:29: Lost braces in \itemize; \value handles \item{}{} directly checkRd: (-1) testSignal.Rd:30: Lost braces in \itemize; \value handles \item{}{} directly Flavors: r-devel-linux-x86_64-debian-clang, r-devel-linux-x86_64-debian-gcc