Last updated on 2025-01-21 07:49:19 CET.
Flavor | Version | Tinstall | Tcheck | Ttotal | Status | Flags |
---|---|---|---|---|---|---|
r-devel-linux-x86_64-debian-clang | 1.0.0 | 6.39 | 83.81 | 90.20 | OK | |
r-devel-linux-x86_64-debian-gcc | 1.0.0 | 5.27 | 62.79 | 68.06 | OK | |
r-devel-linux-x86_64-fedora-clang | 1.0.0 | 147.03 | OK | |||
r-devel-linux-x86_64-fedora-gcc | 1.0.0 | 154.56 | OK | |||
r-devel-windows-x86_64 | 1.0.0 | 8.00 | 127.00 | 135.00 | OK | |
r-patched-linux-x86_64 | 1.0.0 | 6.92 | 80.25 | 87.17 | OK | |
r-release-linux-x86_64 | 1.0.0 | 5.67 | 80.36 | 86.03 | OK | |
r-release-macos-arm64 | 1.0.0 | 51.00 | OK | |||
r-release-macos-x86_64 | 1.0.0 | 70.00 | OK | |||
r-release-windows-x86_64 | 1.0.0 | 8.00 | 198.00 | 206.00 | OK | |
r-oldrel-macos-arm64 | 1.0.0 | 55.00 | OK | |||
r-oldrel-macos-x86_64 | 1.0.0 | 73.00 | NOTE | |||
r-oldrel-windows-x86_64 | 1.0.0 | 10.00 | 142.00 | 152.00 | OK |
Version: 1.0.0
Check: package dependencies
Result: NOTE
Package suggested but not available for checking: ‘ergm’
Flavor: r-oldrel-macos-x86_64