CRAN Package Check Results for Package mousetrack

Last updated on 2020-11-30 18:51:22 CET.

Flavor Version Tinstall Tcheck Ttotal Status Flags
r-devel-linux-x86_64-debian-clang 1.0.0 2.98 28.21 31.19 NOTE
r-devel-linux-x86_64-debian-gcc 1.0.0 2.40 21.28 23.68 NOTE
r-devel-linux-x86_64-fedora-clang 1.0.0 41.35 NOTE
r-devel-linux-x86_64-fedora-gcc 1.0.0 33.49 NOTE
r-devel-windows-ix86+x86_64 1.0.0 5.00 42.00 47.00 NOTE
r-patched-linux-x86_64 1.0.0 3.13 28.51 31.64 NOTE
r-patched-solaris-x86 1.0.0 49.50 NOTE
r-release-linux-x86_64 1.0.0 3.49 30.69 34.18 NOTE
r-release-macos-x86_64 1.0.0 NOTE
r-release-windows-ix86+x86_64 1.0.0 5.00 31.00 36.00 NOTE
r-oldrel-macos-x86_64 1.0.0 NOTE
r-oldrel-windows-ix86+x86_64 1.0.0 4.00 41.00 45.00 NOTE

Check Details

Version: 1.0.0
Check: R code for possible problems
Result: NOTE
    getmouseDV: no visible global function definition for 'tail'
    interpltraj: no visible global function definition for 'approx'
    trim1: no visible global function definition for 'tail'
    Undefined global functions or variables:
     approx tail
    Consider adding
     importFrom("stats", "approx")
     importFrom("utils", "tail")
    to your NAMESPACE file.
Flavors: r-devel-linux-x86_64-debian-clang, r-devel-linux-x86_64-debian-gcc, r-devel-linux-x86_64-fedora-clang, r-devel-linux-x86_64-fedora-gcc, r-devel-windows-ix86+x86_64, r-patched-linux-x86_64, r-patched-solaris-x86, r-release-linux-x86_64, r-release-macos-x86_64, r-release-windows-ix86+x86_64, r-oldrel-macos-x86_64, r-oldrel-windows-ix86+x86_64