CRAN Package Check Results for Package movMF

Last updated on 2022-01-25 17:53:43 CET.

Flavor Version Tinstall Tcheck Ttotal Status Flags
r-devel-linux-x86_64-debian-clang 0.2-6 3.84 133.91 137.75 NOTE
r-devel-linux-x86_64-debian-gcc 0.2-6 3.51 96.96 100.47 NOTE
r-devel-linux-x86_64-fedora-clang 0.2-6 161.43 NOTE
r-devel-linux-x86_64-fedora-gcc 0.2-6 150.74 NOTE
r-devel-windows-x86_64-new-UL 0.2-6 35.00 191.00 226.00 NOTE
r-devel-windows-x86_64-new-TK 0.2-6 NOTE
r-patched-linux-x86_64 0.2-6 3.93 113.70 117.63 NOTE
r-release-linux-x86_64 0.2-6 4.47 114.94 119.41 NOTE
r-release-macos-arm64 0.2-6 NOTE
r-release-macos-x86_64 0.2-6 NOTE
r-release-windows-ix86+x86_64 0.2-6 16.00 163.00 179.00 NOTE
r-oldrel-macos-x86_64 0.2-6 NOTE
r-oldrel-windows-ix86+x86_64 0.2-6 16.00 160.00 176.00 NOTE

Check Details

Version: 0.2-6
Check: package dependencies
Result: NOTE
    Package suggested but not available for checking: 'corpus.useR.2008.abstracts'
Flavors: r-devel-linux-x86_64-debian-clang, r-devel-linux-x86_64-debian-gcc, r-devel-linux-x86_64-fedora-clang, r-devel-linux-x86_64-fedora-gcc, r-devel-windows-x86_64-new-UL, r-devel-windows-x86_64-new-TK, r-patched-linux-x86_64, r-release-linux-x86_64, r-release-macos-arm64, r-release-macos-x86_64, r-release-windows-ix86+x86_64, r-oldrel-macos-x86_64, r-oldrel-windows-ix86+x86_64