CRAN Package Check Results for Package moveVis

Last updated on 2021-05-06 14:48:49 CEST.

Flavor Version Tinstall Tcheck Ttotal Status Flags
r-devel-linux-x86_64-debian-clang 0.10.5 18.84 183.06 201.90 OK
r-devel-linux-x86_64-debian-gcc 0.10.5 13.90 137.08 150.98 OK
r-devel-linux-x86_64-fedora-clang 0.10.5 255.25 OK
r-devel-linux-x86_64-fedora-gcc 0.10.5 251.22 OK
r-devel-windows-ix86+x86_64 0.10.5 42.00 197.00 239.00 OK
r-devel-windows-x86_64-gcc10-UCRT 0.10.5 ERROR
r-patched-linux-x86_64 0.10.5 20.02 176.59 196.61 OK
r-release-linux-x86_64 0.10.5 18.63 170.06 188.69 OK
r-release-macos-x86_64 0.10.5 OK
r-release-windows-ix86+x86_64 0.10.5 29.00 148.00 177.00 OK
r-oldrel-macos-x86_64 0.10.5 OK
r-oldrel-windows-ix86+x86_64 0.10.5 34.00 201.00 235.00 OK

Check Details

Version: 0.10.5
Check: package dependencies
Result: ERROR
    Package required but not available: 'magick'
    
    See section 'The DESCRIPTION file' in the 'Writing R Extensions'
    manual.
Flavor: r-devel-windows-x86_64-gcc10-UCRT