CRAN Package Check Results for Package mpae

Last updated on 2024-07-14 12:52:55 CEST.

Flavor Version Tinstall Tcheck Ttotal Status Flags
r-devel-linux-x86_64-debian-clang 0.1.2 17.49 143.31 160.80 OK
r-devel-linux-x86_64-debian-gcc 0.1.2 14.12 107.80 121.92 OK
r-devel-linux-x86_64-fedora-clang 0.1.2 212.08 NOTE
r-devel-linux-x86_64-fedora-gcc 0.1.2 186.37 NOTE
r-devel-windows-x86_64 0.1.2 16.00 119.00 135.00 OK
r-patched-linux-x86_64 0.1.2 17.36 130.17 147.53 OK
r-release-linux-x86_64 0.1.2 10.40 136.92 147.32 OK
r-release-macos-arm64 0.1.2 54.00 OK
r-release-macos-x86_64 0.1.2 79.00 OK
r-release-windows-x86_64 0.1.2 15.00 116.00 131.00 OK
r-oldrel-macos-arm64 0.1.2 66.00 OK
r-oldrel-macos-x86_64 0.1.2 124.00 OK
r-oldrel-windows-x86_64 0.1.2 22.00 154.00 176.00 OK

Check Details

Version: 0.1.2
Check: data for non-ASCII characters
Result: NOTE Note: found 19 marked Latin-1 strings Flavors: r-devel-linux-x86_64-fedora-clang, r-devel-linux-x86_64-fedora-gcc