CRAN Package Check Results for Package mpcv

Last updated on 2021-10-17 08:50:43 CEST.

Flavor Version Tinstall Tcheck Ttotal Status Flags
r-devel-linux-x86_64-debian-clang 1.1 2.18 24.82 27.00 NOTE
r-devel-linux-x86_64-debian-gcc 1.1 1.74 19.82 21.56 NOTE
r-devel-linux-x86_64-fedora-clang 1.1 43.79 NOTE
r-devel-linux-x86_64-fedora-gcc 1.1 32.99 NOTE
r-devel-windows-x86_64 1.1 4.00 42.00 46.00 NOTE
r-devel-windows-x86_64-gcc10-UCRT 1.1 NOTE
r-patched-linux-x86_64 1.1 2.32 24.74 27.06 NOTE
r-patched-solaris-x86 1.1 53.50 NOTE
r-release-linux-x86_64 1.1 2.02 24.31 26.33 NOTE
r-release-macos-arm64 1.1 NOTE
r-release-macos-x86_64 1.1 NOTE
r-release-windows-ix86+x86_64 1.1 5.00 33.00 38.00 NOTE
r-oldrel-macos-x86_64 1.1 NOTE
r-oldrel-windows-ix86+x86_64 1.1 4.00 37.00 41.00 NOTE

Check Details

Version: 1.1
Check: R code for possible problems
Result: NOTE
    mpcv: no visible binding for global variable 'median'
    mpcv: no visible global function definition for 'cov'
    mpcv: no visible global function definition for 'dist'
    plot.mpcv: no visible binding for global variable 'median'
    plot.mpcv: no visible global function definition for 'par'
    plot.mpcv: no visible global function definition for 'rect'
    plot.mpcv: no visible global function definition for 'lines'
    plot.mpcv: no visible global function definition for 'points'
    plot.mpcv: no visible global function definition for 'legend'
    Undefined global functions or variables:
     cov dist legend lines median par points rect
    Consider adding
     importFrom("graphics", "legend", "lines", "par", "points", "rect")
     importFrom("stats", "cov", "dist", "median")
    to your NAMESPACE file.
Flavors: r-devel-linux-x86_64-debian-clang, r-devel-linux-x86_64-debian-gcc, r-devel-linux-x86_64-fedora-clang, r-devel-linux-x86_64-fedora-gcc, r-devel-windows-x86_64, r-devel-windows-x86_64-gcc10-UCRT, r-patched-linux-x86_64, r-patched-solaris-x86, r-release-linux-x86_64, r-release-macos-arm64, r-release-macos-x86_64, r-release-windows-ix86+x86_64, r-oldrel-macos-x86_64, r-oldrel-windows-ix86+x86_64