CRAN Package Check Results for Package mppa

Last updated on 2021-12-03 02:49:01 CET.

Flavor Version Tinstall Tcheck Ttotal Status Flags
r-devel-linux-x86_64-debian-clang 1.0 2.26 31.79 34.05 NOTE
r-devel-linux-x86_64-debian-gcc 1.0 2.04 25.90 27.94 NOTE
r-devel-linux-x86_64-fedora-clang 1.0 53.93 NOTE
r-devel-linux-x86_64-fedora-gcc 1.0 42.99 NOTE
r-devel-windows-x86_64-new-UL 1.0 6.00 64.00 70.00 NOTE
r-devel-windows-x86_64-new-TK 1.0 NOTE
r-devel-windows-x86_64-old 1.0 4.00 40.00 44.00 NOTE
r-patched-linux-x86_64 1.0 3.05 31.28 34.33 NOTE
r-patched-solaris-x86 1.0 63.40 NOTE
r-release-linux-x86_64 1.0 2.42 30.66 33.08 NOTE
r-release-macos-arm64 1.0 NOTE
r-release-macos-x86_64 1.0 NOTE
r-release-windows-ix86+x86_64 1.0 5.00 35.00 40.00 NOTE
r-oldrel-macos-x86_64 1.0 NOTE
r-oldrel-windows-ix86+x86_64 1.0 5.00 38.00 43.00 NOTE

Check Details

Version: 1.0
Check: R code for possible problems
Result: NOTE
    place: no visible global function definition for 'points'
    plot,mproc: no visible binding for global variable 'rainbow'
    plot,mproc: no visible global function definition for 'plot.default'
    plot,mproc: no visible global function definition for 'axis'
    plot,mproc: no visible global function definition for 'points'
    Undefined global functions or variables:
     axis plot.default points rainbow
    Consider adding
     importFrom("grDevices", "rainbow")
     importFrom("graphics", "axis", "plot.default", "points")
    to your NAMESPACE file.
Flavors: r-devel-linux-x86_64-debian-clang, r-devel-linux-x86_64-debian-gcc, r-devel-linux-x86_64-fedora-clang, r-devel-linux-x86_64-fedora-gcc, r-devel-windows-x86_64-new-UL, r-devel-windows-x86_64-new-TK, r-devel-windows-x86_64-old, r-patched-linux-x86_64, r-patched-solaris-x86, r-release-linux-x86_64, r-release-macos-arm64, r-release-macos-x86_64, r-release-windows-ix86+x86_64, r-oldrel-macos-x86_64, r-oldrel-windows-ix86+x86_64