CRAN Package Check Results for Package mra

Last updated on 2024-02-27 14:49:31 CET.

Flavor Version Tinstall Tcheck Ttotal Status Flags
r-devel-linux-x86_64-debian-clang 2.16.11 8.30 51.44 59.74 NOTE
r-devel-linux-x86_64-debian-gcc 2.16.11 5.96 39.30 45.26 NOTE
r-devel-linux-x86_64-fedora-clang 2.16.11 76.45 NOTE
r-devel-linux-x86_64-fedora-gcc 2.16.11 92.07 NOTE
r-devel-windows-x86_64 2.16.11 10.00 70.00 80.00 NOTE
r-patched-linux-x86_64 2.16.11 7.75 50.28 58.03 NOTE
r-release-linux-x86_64 2.16.11 6.58 50.58 57.16 NOTE
r-release-macos-arm64 2.16.11 36.00 NOTE
r-release-macos-x86_64 2.16.11 47.00 NOTE
r-release-windows-x86_64 2.16.11 9.00 77.00 86.00 NOTE
r-oldrel-macos-arm64 2.16.11 39.00 OK
r-oldrel-windows-x86_64 2.16.11 13.00 79.00 92.00 OK

Check Details

Version: 2.16.11
Check: Rd files
Result: NOTE checkRd: (-1) F.huggins.estim.Rd:199: Escaped LaTeX specials: \$ \$ checkRd: (-1) F.huggins.estim.Rd:205: Escaped LaTeX specials: \$ checkRd: (-1) F.huggins.estim.Rd:206: Escaped LaTeX specials: \$ checkRd: (-1) F.huggins.estim.Rd:207: Escaped LaTeX specials: \$ checkRd: (-1) F.huggins.estim.Rd:208: Escaped LaTeX specials: \$ checkRd: (-1) F.huggins.estim.Rd:209: Escaped LaTeX specials: \$ checkRd: (-1) F.huggins.estim.Rd:210: Escaped LaTeX specials: \$ checkRd: (-1) F.huggins.estim.Rd:212: Escaped LaTeX specials: \$ checkRd: (-1) F.huggins.estim.Rd:213: Escaped LaTeX specials: \$ checkRd: (-1) F.huggins.estim.Rd:214: Escaped LaTeX specials: \$ checkRd: (-1) F.huggins.estim.Rd:215: Escaped LaTeX specials: \$ checkRd: (-1) lines.cjs.Rd:15: Escaped LaTeX specials: \$ Flavors: r-devel-linux-x86_64-debian-clang, r-devel-linux-x86_64-debian-gcc, r-devel-linux-x86_64-fedora-clang, r-devel-linux-x86_64-fedora-gcc, r-devel-windows-x86_64, r-patched-linux-x86_64, r-release-linux-x86_64, r-release-macos-arm64, r-release-macos-x86_64, r-release-windows-x86_64

Version: 2.16.11
Check: installed package size
Result: NOTE installed size is 5.7Mb sub-directories of 1Mb or more: libs 4.9Mb Flavor: r-devel-linux-x86_64-fedora-clang