Last updated on 2021-04-10 23:48:08 CEST.
Flavor | Version | Tinstall | Tcheck | Ttotal | Status | Flags |
---|---|---|---|---|---|---|
r-devel-linux-x86_64-debian-clang | 0.5 | 82.81 | 131.20 | 214.01 | OK | |
r-devel-linux-x86_64-debian-gcc | 0.5 | 55.10 | 99.31 | 154.41 | OK | |
r-devel-linux-x86_64-fedora-clang | 0.5 | 272.79 | OK | |||
r-devel-linux-x86_64-fedora-gcc | 0.5 | 245.93 | OK | |||
r-devel-windows-ix86+x86_64 | 0.5 | 131.00 | 164.00 | 295.00 | OK | |
r-devel-windows-x86_64-gcc10-UCRT | 0.5 | OK | ||||
r-patched-linux-x86_64 | 0.5 | 59.38 | 114.79 | 174.17 | OK | |
r-patched-solaris-x86 | 0.5 | 294.40 | OK | |||
r-release-linux-x86_64 | 0.5 | 56.24 | 115.51 | 171.75 | OK | |
r-release-macos-x86_64 | 0.5 | OK | ||||
r-release-windows-ix86+x86_64 | 0.5 | 167.00 | 223.00 | 390.00 | OK | |
r-oldrel-macos-x86_64 | 0.5 | NOTE | ||||
r-oldrel-windows-ix86+x86_64 | 0.5 | 156.00 | 218.00 | 374.00 | NOTE |
Version: 0.5
Check: R code for possible problems
Result: NOTE
plot.hmrfout: no visible global function definition for ‘plot’
Undefined global functions or variables:
plot
Consider adding
importFrom("graphics", "plot")
to your NAMESPACE file.
Flavors: r-oldrel-macos-x86_64, r-oldrel-windows-ix86+x86_64