CRAN Package Check Results for Package mrgsolve

Last updated on 2018-07-23 13:48:04 CEST.

Flavor Version Tinstall Tcheck Ttotal Status Flags
r-devel-linux-x86_64-debian-clang 0.8.12 96.20 87.61 183.81 OK
r-devel-linux-x86_64-debian-gcc 0.8.12 90.80 69.60 160.40 OK
r-devel-linux-x86_64-fedora-clang 0.8.12 260.52 NOTE
r-devel-linux-x86_64-fedora-gcc 0.8.12 253.39 OK
r-devel-windows-ix86+x86_64 0.8.12 333.00 144.00 477.00 OK
r-patched-linux-x86_64 0.8.12 108.35 84.42 192.77 OK
r-patched-solaris-x86 0.8.12 241.20 OK
r-release-linux-x86_64 0.8.12 111.09 83.91 195.00 OK
r-release-windows-ix86+x86_64 0.8.12 230.00 191.00 421.00 OK
r-release-osx-x86_64 0.8.12 NOTE
r-oldrel-windows-ix86+x86_64 0.8.12 236.00 202.00 438.00 OK
r-oldrel-osx-x86_64 0.8.12 OK

Check Details

Version: 0.8.12
Check: installed package size
Result: NOTE
     installed size is 5.8Mb
     sub-directories of 1Mb or more:
     libs 4.3Mb
Flavors: r-devel-linux-x86_64-fedora-clang, r-release-osx-x86_64