CRAN Package Check Results for Package mrgsolve

Last updated on 2018-04-23 18:47:24 CEST.

Flavor Version Tinstall Tcheck Ttotal Status Flags
r-devel-linux-x86_64-debian-clang 0.8.10 103.83 68.30 172.13 OK
r-devel-linux-x86_64-debian-gcc 0.8.10 84.58 59.75 144.33 OK
r-devel-linux-x86_64-fedora-clang 0.8.10 244.11 NOTE
r-devel-linux-x86_64-fedora-gcc 0.8.10 222.43 NOTE
r-devel-windows-ix86+x86_64 0.8.10 326.00 117.00 443.00 OK
r-devel-osx-x86_64 0.8.10 NOTE
r-patched-linux-x86_64 0.8.10 107.29 76.04 183.33 OK
r-patched-solaris-x86 0.8.10 225.40 OK
r-release-linux-x86_64 0.8.10 106.62 85.19 191.81 OK
r-release-windows-ix86+x86_64 0.8.10 220.00 172.00 392.00 OK
r-release-osx-x86_64 0.8.10 OK
r-oldrel-windows-ix86+x86_64 0.8.10 236.00 154.00 390.00 OK

Check Details

Version: 0.8.10
Check: installed package size
Result: NOTE
     installed size is 5.8Mb
     sub-directories of 1Mb or more:
     libs 4.3Mb
Flavors: r-devel-linux-x86_64-fedora-clang, r-devel-linux-x86_64-fedora-gcc, r-devel-osx-x86_64