CRAN Package Check Results for Package mrgsolve

Last updated on 2019-01-16 13:50:55 CET.

Flavor Version Tinstall Tcheck Ttotal Status Flags
r-devel-linux-x86_64-debian-clang 0.8.12 107.83 90.62 198.45 OK
r-devel-linux-x86_64-debian-gcc 0.8.12 93.66 66.38 160.04 OK
r-devel-linux-x86_64-fedora-clang 0.8.12 272.64 NOTE
r-devel-linux-x86_64-fedora-gcc 0.8.12 250.71 OK
r-devel-windows-ix86+x86_64 0.8.12 238.00 144.00 382.00 OK
r-patched-linux-x86_64 0.8.12 117.30 81.70 199.00 OK
r-patched-solaris-x86 0.8.12 253.60 OK
r-release-linux-x86_64 0.8.12 118.30 82.86 201.16 OK
r-release-windows-ix86+x86_64 0.8.12 334.00 149.00 483.00 OK
r-release-osx-x86_64 0.8.12 NOTE
r-oldrel-windows-ix86+x86_64 0.8.12 240.00 149.00 389.00 OK
r-oldrel-osx-x86_64 0.8.12 OK

Check Details

Version: 0.8.12
Check: installed package size
Result: NOTE
     installed size is 6.0Mb
     sub-directories of 1Mb or more:
     libs 4.5Mb
Flavors: r-devel-linux-x86_64-fedora-clang, r-release-osx-x86_64