CRAN Package Check Results for Package mrgsolve

Last updated on 2018-10-21 12:46:37 CEST.

Flavor Version Tinstall Tcheck Ttotal Status Flags
r-devel-linux-x86_64-debian-clang 0.8.12 103.91 93.20 197.11 OK
r-devel-linux-x86_64-debian-gcc 0.8.12 95.23 71.57 166.80 OK
r-devel-linux-x86_64-fedora-clang 0.8.12 273.00 NOTE
r-devel-linux-x86_64-fedora-gcc 0.8.12 258.14 OK
r-devel-windows-ix86+x86_64 0.8.12 318.00 199.00 517.00 OK
r-patched-linux-x86_64 0.8.12 118.01 84.18 202.19 OK
r-patched-solaris-x86 0.8.12 242.70 OK
r-release-linux-x86_64 0.8.12 122.67 81.96 204.63 OK
r-release-windows-ix86+x86_64 0.8.12 296.00 178.00 474.00 OK
r-release-osx-x86_64 0.8.12 NOTE
r-oldrel-windows-ix86+x86_64 0.8.12 211.00 204.00 415.00 OK
r-oldrel-osx-x86_64 0.8.12 OK

Check Details

Version: 0.8.12
Check: installed package size
Result: NOTE
     installed size is 6.0Mb
     sub-directories of 1Mb or more:
     libs 4.5Mb
Flavors: r-devel-linux-x86_64-fedora-clang, r-release-osx-x86_64