CRAN Package Check Results for Package mrgsolve

Last updated on 2022-10-02 07:54:31 CEST.

Flavor Version Tinstall Tcheck Ttotal Status Flags
r-devel-linux-x86_64-debian-clang 1.0.6 137.55 164.18 301.73 OK
r-devel-linux-x86_64-debian-gcc 1.0.6 113.30 119.28 232.58 OK
r-devel-linux-x86_64-fedora-clang 1.0.6 467.39 OK
r-devel-linux-x86_64-fedora-gcc 1.0.6 406.17 OK
r-devel-windows-x86_64 1.0.6 273.00 240.00 513.00 OK
r-patched-linux-x86_64 1.0.6 123.34 146.87 270.21 OK
r-release-linux-x86_64 1.0.6 129.77 146.46 276.23 OK
r-release-macos-arm64 1.0.6 93.00 NOTE
r-release-macos-x86_64 1.0.6 120.00 NOTE
r-release-windows-x86_64 1.0.6 293.00 215.00 508.00 OK
r-oldrel-macos-arm64 1.0.6 83.00 NOTE
r-oldrel-macos-x86_64 1.0.6 122.00 NOTE
r-oldrel-windows-ix86+x86_64 1.0.6 402.00 282.00 684.00 OK

Check Details

Version: 1.0.6
Check: installed package size
Result: NOTE
     installed size is 6.9Mb
     sub-directories of 1Mb or more:
     libs 5.1Mb
Flavors: r-release-macos-arm64, r-release-macos-x86_64, r-oldrel-macos-arm64, r-oldrel-macos-x86_64