CRAN Package Check Results for Package mro

Last updated on 2022-08-19 07:49:56 CEST.

Flavor Version Tinstall Tcheck Ttotal Status Flags
r-devel-linux-x86_64-debian-clang 0.1.1 1.71 21.51 23.22 NOTE
r-devel-linux-x86_64-debian-gcc 0.1.1 1.51 16.92 18.43 NOTE
r-devel-linux-x86_64-fedora-clang 0.1.1 39.31 NOTE
r-devel-linux-x86_64-fedora-gcc 0.1.1 38.76 NOTE
r-devel-windows-x86_64 0.1.1 7.00 45.00 52.00 NOTE
r-patched-linux-x86_64 0.1.1 1.58 21.29 22.87 NOTE
r-release-linux-x86_64 0.1.1 NOTE
r-release-macos-arm64 0.1.1 15.00 NOTE
r-release-macos-x86_64 0.1.1 19.00 NOTE
r-release-windows-x86_64 0.1.1 8.00 51.00 59.00 NOTE
r-oldrel-macos-arm64 0.1.1 17.00 NOTE
r-oldrel-macos-x86_64 0.1.1 27.00 NOTE
r-oldrel-windows-ix86+x86_64 0.1.1 5.00 45.00 50.00 NOTE

Check Details

Version: 0.1.1
Check: LazyData
Result: NOTE
     'LazyData' is specified without a 'data' directory
Flavors: r-devel-linux-x86_64-debian-clang, r-devel-linux-x86_64-debian-gcc, r-devel-linux-x86_64-fedora-clang, r-devel-linux-x86_64-fedora-gcc, r-devel-windows-x86_64, r-patched-linux-x86_64, r-release-linux-x86_64, r-release-macos-arm64, r-release-macos-x86_64, r-release-windows-x86_64, r-oldrel-macos-arm64, r-oldrel-macos-x86_64, r-oldrel-windows-ix86+x86_64