CRAN Package Check Results for Package mro

Last updated on 2022-11-27 09:53:33 CET.

Flavor Version Tinstall Tcheck Ttotal Status Flags
r-devel-linux-x86_64-debian-clang 0.1.1 2.12 21.56 23.68 NOTE
r-devel-linux-x86_64-debian-gcc 0.1.1 1.52 17.51 19.03 NOTE
r-devel-linux-x86_64-fedora-clang 0.1.1 40.33 NOTE
r-devel-linux-x86_64-fedora-gcc 0.1.1 39.38 NOTE
r-devel-windows-x86_64 0.1.1 10.00 48.00 58.00 NOTE
r-patched-linux-x86_64 0.1.1 1.74 21.27 23.01 NOTE
r-release-linux-x86_64 0.1.1 1.78 21.33 23.11 NOTE
r-release-macos-arm64 0.1.1 15.00 NOTE
r-release-macos-x86_64 0.1.1 19.00 NOTE
r-release-windows-x86_64 0.1.1 8.00 48.00 56.00 NOTE
r-oldrel-macos-arm64 0.1.1 17.00 NOTE
r-oldrel-macos-x86_64 0.1.1 27.00 NOTE
r-oldrel-windows-ix86+x86_64 0.1.1 5.00 44.00 49.00 NOTE

Check Details

Version: 0.1.1
Check: LazyData
Result: NOTE
     'LazyData' is specified without a 'data' directory
Flavors: r-devel-linux-x86_64-debian-clang, r-devel-linux-x86_64-debian-gcc, r-devel-linux-x86_64-fedora-clang, r-devel-linux-x86_64-fedora-gcc, r-devel-windows-x86_64, r-patched-linux-x86_64, r-release-linux-x86_64, r-release-macos-arm64, r-release-macos-x86_64, r-release-windows-x86_64, r-oldrel-macos-arm64, r-oldrel-macos-x86_64, r-oldrel-windows-ix86+x86_64