CRAN Package Check Results for Package mrregression

Last updated on 2020-12-01 11:47:40 CET.

Flavor Version Tinstall Tcheck Ttotal Status Flags
r-devel-linux-x86_64-debian-clang 1.0.0 3.84 34.44 38.28 OK
r-devel-linux-x86_64-debian-gcc 1.0.0 2.76 25.72 28.48 OK
r-devel-linux-x86_64-fedora-clang 1.0.0 49.97 NOTE
r-devel-linux-x86_64-fedora-gcc 1.0.0 39.02 OK
r-devel-windows-ix86+x86_64 1.0.0 7.00 39.00 46.00 OK
r-patched-linux-x86_64 1.0.0 3.76 31.85 35.61 OK
r-patched-solaris-x86 1.0.0 60.10 OK
r-release-linux-x86_64 1.0.0 3.13 33.33 36.46 OK
r-release-macos-x86_64 1.0.0 OK
r-release-windows-ix86+x86_64 1.0.0 7.00 39.00 46.00 OK
r-oldrel-macos-x86_64 1.0.0 ERROR

Check Details

Version: 1.0.0
Check: Rd cross-references
Result: NOTE
    Undeclared package ‘speedglm’ in Rd xrefs
Flavor: r-devel-linux-x86_64-fedora-clang

Version: 1.0.0
Check: whether package can be installed
Result: ERROR
    Installation failed.
Flavor: r-oldrel-macos-x86_64