CRAN Package Check Results for Package msamp

Last updated on 2024-06-22 17:57:37 CEST.

Flavor Version Tinstall Tcheck Ttotal Status Flags
r-devel-linux-x86_64-debian-clang 1.0.0 2.24 25.43 27.67 NOTE
r-devel-linux-x86_64-debian-gcc 1.0.0 1.71 19.78 21.49 NOTE
r-devel-linux-x86_64-fedora-clang 1.0.0 35.27 NOTE
r-devel-linux-x86_64-fedora-gcc 1.0.0 46.49 NOTE
r-devel-windows-x86_64 1.0.0 2.00 42.00 44.00 NOTE
r-patched-linux-x86_64 1.0.0 1.70 24.87 26.57 NOTE
r-release-linux-x86_64 1.0.0 2.00 24.65 26.65 NOTE
r-release-macos-arm64 1.0.0 22.00 NOTE
r-release-macos-x86_64 1.0.0 38.00 NOTE
r-release-windows-x86_64 1.0.0 2.00 43.00 45.00 NOTE
r-oldrel-macos-arm64 1.0.0 20.00 OK
r-oldrel-macos-x86_64 1.0.0 32.00 OK
r-oldrel-windows-x86_64 1.0.0 2.00 43.00 45.00 OK

Check Details

Version: 1.0.0
Check: Rd files
Result: NOTE checkRd: (-1) n.Rd:46: Lost braces in \itemize; \value handles \item{}{} directly checkRd: (-1) n.Rd:47-48: Lost braces in \itemize; \value handles \item{}{} directly checkRd: (-1) n.Rd:49-50: Lost braces in \itemize; \value handles \item{}{} directly Flavors: r-devel-linux-x86_64-debian-clang, r-devel-linux-x86_64-debian-gcc, r-devel-linux-x86_64-fedora-clang, r-devel-linux-x86_64-fedora-gcc, r-devel-windows-x86_64, r-patched-linux-x86_64, r-release-linux-x86_64, r-release-macos-arm64, r-release-macos-x86_64, r-release-windows-x86_64