CRAN Package Check Results for Package msgps

Last updated on 2022-06-28 00:51:20 CEST.

Flavor Version Tinstall Tcheck Ttotal Status Flags
r-devel-linux-x86_64-debian-clang 1.3.4 5.58 28.85 34.43 OK
r-devel-linux-x86_64-debian-gcc 1.3.4 3.86 21.95 25.81 OK
r-devel-linux-x86_64-fedora-clang 1.3.4 51.74 NOTE
r-devel-linux-x86_64-fedora-gcc 1.3.4 50.85 NOTE
r-devel-windows-x86_64 1.3.4 14.00 52.00 66.00 OK
r-patched-linux-x86_64 1.3.4 4.82 27.93 32.75 OK
r-release-linux-x86_64 1.3.4 4.58 27.60 32.18 OK
r-release-macos-arm64 1.3.4 20.00 OK
r-release-macos-x86_64 1.3.4 25.00 OK
r-release-windows-x86_64 1.3.4 18.00 51.00 69.00 OK
r-oldrel-macos-arm64 1.3.4 18.00 OK
r-oldrel-macos-x86_64 1.3.4 24.00 OK
r-oldrel-windows-ix86+x86_64 1.3.4 13.00 46.00 59.00 OK

Check Details

Version: 1.3.4
Check: compiled code
Result: NOTE
    File ‘msgps/libs/msgps.so’:
     Found no calls to: ‘R_registerRoutines’, ‘R_useDynamicSymbols’
    
    It is good practice to register native routines and to disable symbol
    search.
    
    See ‘Writing portable packages’ in the ‘Writing R Extensions’ manual.
Flavors: r-devel-linux-x86_64-fedora-clang, r-devel-linux-x86_64-fedora-gcc