CRAN Package Check Results for Package msgr

Last updated on 2021-10-16 01:48:25 CEST.

Flavor Version Tinstall Tcheck Ttotal Status Flags
r-devel-linux-x86_64-debian-clang 1.1.2 2.99 28.91 31.90 NOTE
r-devel-linux-x86_64-debian-gcc 1.1.2 2.10 22.50 24.60 NOTE
r-devel-linux-x86_64-fedora-clang 1.1.2 48.60 NOTE
r-devel-linux-x86_64-fedora-gcc 1.1.2 38.77 NOTE
r-devel-windows-x86_64 1.1.2 5.00 38.00 43.00 NOTE
r-devel-windows-x86_64-gcc10-UCRT 1.1.2 NOTE
r-patched-linux-x86_64 1.1.2 3.06 28.01 31.07 NOTE
r-patched-solaris-x86 1.1.2 62.80 NOTE
r-release-linux-x86_64 1.1.2 2.61 27.67 30.28 NOTE
r-release-macos-arm64 1.1.2 NOTE
r-release-macos-x86_64 1.1.2 NOTE
r-release-windows-ix86+x86_64 1.1.2 7.00 54.00 61.00 NOTE
r-oldrel-macos-x86_64 1.1.2 OK
r-oldrel-windows-ix86+x86_64 1.1.2 6.00 50.00 56.00 OK

Check Details

Version: 1.1.2
Check: LazyData
Result: NOTE
     'LazyData' is specified without a 'data' directory
Flavors: r-devel-linux-x86_64-debian-clang, r-devel-linux-x86_64-debian-gcc, r-devel-linux-x86_64-fedora-clang, r-devel-linux-x86_64-fedora-gcc, r-devel-windows-x86_64, r-devel-windows-x86_64-gcc10-UCRT, r-patched-linux-x86_64, r-patched-solaris-x86, r-release-linux-x86_64, r-release-macos-arm64, r-release-macos-x86_64, r-release-windows-ix86+x86_64