Last updated on 2019-02-21 04:51:47 CET.
Flavor | Version | Tinstall | Tcheck | Ttotal | Status | Flags |
---|---|---|---|---|---|---|
r-devel-linux-x86_64-debian-clang | 6.2.1 | 29.56 | 86.05 | 115.61 | OK | |
r-devel-linux-x86_64-debian-gcc | 6.2.1 | 28.28 | 70.98 | 99.26 | OK | |
r-devel-linux-x86_64-fedora-clang | 6.2.1 | 161.97 | OK | |||
r-devel-linux-x86_64-fedora-gcc | 6.2.1 | 147.19 | OK | |||
r-devel-windows-ix86+x86_64 | 6.2.1 | 66.00 | 121.00 | 187.00 | OK | |
r-patched-linux-x86_64 | 6.2.1 | OK | ||||
r-patched-solaris-x86 | 6.2.1 | 290.10 | OK | |||
r-release-linux-x86_64 | 6.2.1 | OK | ||||
r-release-windows-ix86+x86_64 | 6.2.1 | 47.00 | 124.00 | 171.00 | OK | |
r-release-osx-x86_64 | 6.2.1 | WARN | ||||
r-oldrel-windows-ix86+x86_64 | 6.2.1 | 56.00 | 97.00 | 153.00 | OK | |
r-oldrel-osx-x86_64 | 6.2.1 | OK |
Version: 6.2.1
Check: whether package can be installed
Result: WARN
Found the following significant warnings:
Warning: package ‘dplyr’ was built under R version 3.5.1
Flavor: r-release-osx-x86_64