CRAN Package Check Results for Package msigdbr

Last updated on 2018-11-20 23:11:39 CET.

Flavor Version Tinstall Tcheck Ttotal Status Flags
r-devel-linux-x86_64-debian-clang 6.2.1 30.14 87.47 117.61 OK
r-devel-linux-x86_64-debian-gcc 6.2.1 28.11 76.00 104.11 OK
r-devel-linux-x86_64-fedora-clang 6.2.1 146.30 OK
r-devel-linux-x86_64-fedora-gcc 6.2.1 151.83 OK
r-devel-windows-ix86+x86_64 6.2.1 66.00 124.00 190.00 OK
r-patched-linux-x86_64 6.2.1 30.09 87.92 118.01 OK
r-patched-solaris-x86 6.2.1 299.00 OK
r-release-linux-x86_64 6.2.1 29.48 86.49 115.97 OK
r-release-windows-ix86+x86_64 6.2.1 57.00 124.00 181.00 OK
r-release-osx-x86_64 6.2.1 WARN
r-oldrel-windows-ix86+x86_64 6.2.1 51.00 128.00 179.00 OK
r-oldrel-osx-x86_64 6.2.1 OK

Check Details

Version: 6.2.1
Check: whether package can be installed
Result: WARN
    Found the following significant warnings:
     Warning: package ‘dplyr’ was built under R version 3.5.1
Flavor: r-release-osx-x86_64