CRAN Package Check Results for Package msir

Last updated on 2024-05-21 10:56:10 CEST.

Flavor Version Tinstall Tcheck Ttotal Status Flags
r-devel-linux-x86_64-debian-clang 1.3.3 4.09 55.77 59.86 NOTE
r-devel-linux-x86_64-debian-gcc 1.3.3 2.62 40.58 43.20 NOTE
r-devel-linux-x86_64-fedora-clang 1.3.3 77.60 NOTE
r-devel-linux-x86_64-fedora-gcc 1.3.3 81.68 NOTE
r-devel-windows-x86_64 1.3.3 3.00 61.00 64.00 NOTE
r-patched-linux-x86_64 1.3.3 4.02 52.01 56.03 NOTE
r-release-linux-x86_64 1.3.3 2.76 51.12 53.88 NOTE
r-release-macos-arm64 1.3.3 29.00 NOTE
r-release-windows-x86_64 1.3.3 4.00 70.00 74.00 NOTE
r-oldrel-macos-arm64 1.3.3 31.00 NOTE
r-oldrel-macos-x86_64 1.3.3 47.00 NOTE
r-oldrel-windows-x86_64 1.3.3 3.00 75.00 78.00 NOTE

Check Details

Version: 1.3.3
Check: LazyData
Result: NOTE 'LazyData' is specified without a 'data' directory Flavors: r-devel-linux-x86_64-debian-clang, r-devel-linux-x86_64-debian-gcc, r-devel-linux-x86_64-fedora-clang, r-devel-linux-x86_64-fedora-gcc, r-devel-windows-x86_64, r-patched-linux-x86_64, r-release-linux-x86_64, r-release-macos-arm64, r-release-windows-x86_64, r-oldrel-macos-arm64, r-oldrel-macos-x86_64, r-oldrel-windows-x86_64