CRAN Package Check Results for Package msltrend

Last updated on 2020-01-26 17:49:48 CET.

Flavor Version Tinstall Tcheck Ttotal Status Flags
r-devel-linux-x86_64-debian-clang 1.0 11.47 70.41 81.88 NOTE
r-devel-linux-x86_64-debian-gcc 1.0 8.67 54.53 63.20 NOTE
r-devel-linux-x86_64-fedora-clang 1.0 94.42 NOTE
r-devel-linux-x86_64-fedora-gcc 1.0 88.91 NOTE
r-devel-windows-ix86+x86_64 1.0 32.00 123.00 155.00 OK
r-devel-windows-ix86+x86_64-gcc8 1.0 34.00 91.00 125.00 OK
r-patched-linux-x86_64 1.0 8.27 59.71 67.98 OK
r-patched-solaris-x86 1.0 118.00 OK
r-release-linux-x86_64 1.0 8.13 58.92 67.05 OK
r-release-windows-ix86+x86_64 1.0 18.00 79.00 97.00 OK
r-release-osx-x86_64 1.0 OK
r-oldrel-windows-ix86+x86_64 1.0 12.00 70.00 82.00 OK
r-oldrel-osx-x86_64 1.0 OK

Check Details

Version: 1.0
Check: for non-standard things in the check directory
Result: NOTE
    Found the following files/directories:
     'Acceleration.pdf' 'File1.pdf' 'Forecast.pdf' 'Series.pdf'
     'Velocity.pdf'
Flavors: r-devel-linux-x86_64-debian-clang, r-devel-linux-x86_64-debian-gcc, r-devel-linux-x86_64-fedora-clang, r-devel-linux-x86_64-fedora-gcc