CRAN Package Check Results for Package msltrend

Last updated on 2020-09-27 20:47:40 CEST.

Flavor Version Tinstall Tcheck Ttotal Status Flags
r-devel-linux-x86_64-debian-clang 1.0 9.51 77.10 86.61 NOTE
r-devel-linux-x86_64-debian-gcc 1.0 8.95 56.96 65.91 NOTE
r-devel-linux-x86_64-fedora-clang 1.0 106.94 NOTE
r-devel-linux-x86_64-fedora-gcc 1.0 99.37 NOTE
r-devel-windows-ix86+x86_64 1.0 20.00 95.00 115.00 OK
r-patched-linux-x86_64 1.0 7.23 69.28 76.51 NOTE
r-patched-solaris-x86 1.0 140.90 NOTE
r-release-linux-x86_64 1.0 7.25 69.41 76.66 NOTE
r-release-macos-x86_64 1.0 OK
r-release-windows-ix86+x86_64 1.0 23.00 93.00 116.00 OK
r-oldrel-macos-x86_64 1.0 OK
r-oldrel-windows-ix86+x86_64 1.0 20.00 92.00 112.00 OK

Check Details

Version: 1.0
Check: for non-standard things in the check directory
Result: NOTE
    Found the following files/directories:
     'Acceleration.pdf' 'File1.pdf' 'Forecast.pdf' 'Series.pdf'
     'Velocity.pdf'
Flavors: r-devel-linux-x86_64-debian-clang, r-devel-linux-x86_64-debian-gcc, r-devel-linux-x86_64-fedora-clang, r-devel-linux-x86_64-fedora-gcc, r-patched-linux-x86_64, r-patched-solaris-x86, r-release-linux-x86_64