Last updated on 2022-05-17 08:52:24 CEST.
Flavor | Version | Tinstall | Tcheck | Ttotal | Status | Flags |
---|---|---|---|---|---|---|
r-devel-linux-x86_64-debian-clang | 1.0 | 13.70 | 101.94 | 115.64 | NOTE | |
r-devel-linux-x86_64-debian-gcc | 1.0 | 8.97 | 74.66 | 83.63 | NOTE | |
r-devel-linux-x86_64-fedora-clang | 1.0 | 138.01 | NOTE | |||
r-devel-linux-x86_64-fedora-gcc | 1.0 | 133.45 | NOTE | |||
r-devel-windows-x86_64 | 1.0 | 18.00 | 109.00 | 127.00 | OK | |
r-patched-linux-x86_64 | 1.0 | 11.70 | 94.07 | 105.77 | NOTE | |
r-release-linux-x86_64 | 1.0 | 12.60 | 92.42 | 105.02 | NOTE | |
r-release-macos-arm64 | 1.0 | 38.00 | OK | |||
r-release-macos-x86_64 | 1.0 | 59.00 | OK | |||
r-release-windows-x86_64 | 1.0 | 24.00 | 109.00 | 133.00 | OK | |
r-oldrel-macos-arm64 | 1.0 | 37.00 | OK | |||
r-oldrel-macos-x86_64 | 1.0 | 60.00 | OK | |||
r-oldrel-windows-ix86+x86_64 | 1.0 | 25.00 | 107.00 | 132.00 | OK |
Version: 1.0
Check: for non-standard things in the check directory
Result: NOTE
Found the following files/directories:
'Acceleration.pdf' 'File1.pdf' 'Forecast.pdf' 'Series.pdf'
'Velocity.pdf'
Flavors: r-devel-linux-x86_64-debian-clang, r-devel-linux-x86_64-debian-gcc, r-devel-linux-x86_64-fedora-clang, r-devel-linux-x86_64-fedora-gcc, r-patched-linux-x86_64, r-release-linux-x86_64