CRAN Package Check Results for Package msme

Last updated on 2022-12-08 04:06:36 CET.

Flavor Version Tinstall Tcheck Ttotal Status Flags
r-devel-linux-x86_64-debian-clang 0.5.3 3.75 57.08 60.83 NOTE
r-devel-linux-x86_64-debian-gcc 0.5.3 2.92 42.74 45.66 NOTE
r-devel-linux-x86_64-fedora-clang 0.5.3 84.50 NOTE
r-devel-linux-x86_64-fedora-gcc 0.5.3 83.30 NOTE
r-devel-windows-x86_64 0.5.3 27.00 95.00 122.00 NOTE
r-patched-linux-x86_64 0.5.3 3.47 54.28 57.75 OK
r-release-linux-x86_64 0.5.3 4.09 54.30 58.39 OK
r-release-macos-arm64 0.5.3 26.00 OK
r-release-macos-x86_64 0.5.3 38.00 OK
r-release-windows-x86_64 0.5.3 24.00 96.00 120.00 OK
r-oldrel-macos-arm64 0.5.3 32.00 OK
r-oldrel-macos-x86_64 0.5.3 51.00 OK
r-oldrel-windows-ix86+x86_64 0.5.3 8.00 85.00 93.00 OK

Check Details

Version: 0.5.3
Check: Rd files
Result: NOTE
    checkRd: (-1) ml_g.Rd:47: Escaped LaTeX specials: \&
Flavors: r-devel-linux-x86_64-debian-clang, r-devel-linux-x86_64-debian-gcc, r-devel-linux-x86_64-fedora-clang, r-devel-linux-x86_64-fedora-gcc, r-devel-windows-x86_64