CRAN Package Check Results for Package mssqlR

Last updated on 2021-06-13 13:48:59 CEST.

Flavor Version Tinstall Tcheck Ttotal Status Flags
r-devel-linux-x86_64-debian-clang 1.0.0 1.96 21.56 23.52 NOTE
r-devel-linux-x86_64-debian-gcc 1.0.0 1.58 17.21 18.79 NOTE
r-devel-linux-x86_64-fedora-clang 1.0.0 38.08 NOTE
r-devel-linux-x86_64-fedora-gcc 1.0.0 27.38 NOTE
r-devel-windows-x86_64 1.0.0 4.00 37.00 41.00 NOTE
r-devel-windows-x86_64-gcc10-UCRT 1.0.0 NOTE
r-patched-linux-x86_64 1.0.0 2.23 20.94 23.17 NOTE
r-patched-solaris-x86 1.0.0 46.40 NOTE
r-release-linux-x86_64 1.0.0 1.78 20.76 22.54 NOTE
r-release-macos-arm64 1.0.0 ERROR
r-release-macos-x86_64 1.0.0 ERROR
r-release-windows-ix86+x86_64 1.0.0 4.00 34.00 38.00 NOTE
r-oldrel-macos-x86_64 1.0.0 ERROR
r-oldrel-windows-ix86+x86_64 1.0.0 4.00 36.00 40.00 OK

Check Details

Version: 1.0.0
Check: LazyData
Result: NOTE
     'LazyData' is specified without a 'data' directory
Flavors: r-devel-linux-x86_64-debian-clang, r-devel-linux-x86_64-debian-gcc, r-devel-linux-x86_64-fedora-clang, r-devel-linux-x86_64-fedora-gcc, r-devel-windows-x86_64, r-devel-windows-x86_64-gcc10-UCRT, r-patched-linux-x86_64, r-patched-solaris-x86, r-release-linux-x86_64, r-release-macos-x86_64, r-release-windows-ix86+x86_64

Version: 1.0.0
Check: package dependencies
Result: ERROR
    Package required but not available: ‘RODBC’
    
    See section ‘The DESCRIPTION file’ in the ‘Writing R Extensions’
    manual.
Flavor: r-release-macos-arm64

Version: 1.0.0
Check: examples
Result: ERROR
    Running examples in ‘mssqlR-Ex.R’ failed
    * using check arguments '--no-clean-on-error '
Flavor: r-release-macos-x86_64

Version: 1.0.0
Check: examples
Result: ERROR
    Running examples in ‘mssqlR-Ex.R’ failed
Flavor: r-oldrel-macos-x86_64