CRAN Package Check Results for Package msu

Last updated on 2021-12-08 16:50:42 CET.

Flavor Version Tinstall Tcheck Ttotal Status Flags
r-devel-linux-x86_64-debian-clang 0.0.1 1.97 30.58 32.55 NOTE
r-devel-linux-x86_64-debian-gcc 0.0.1 1.74 25.02 26.76 NOTE
r-devel-linux-x86_64-fedora-clang 0.0.1 41.48 NOTE
r-devel-linux-x86_64-fedora-gcc 0.0.1 30.03 NOTE
r-devel-windows-x86_64-new-UL 0.0.1 7.00 58.00 65.00 NOTE
r-devel-windows-x86_64-new-TK 0.0.1 NOTE
r-devel-windows-x86_64-old 0.0.1 6.00 31.00 37.00 NOTE
r-patched-linux-x86_64 0.0.1 2.37 29.28 31.65 NOTE
r-release-linux-x86_64 0.0.1 2.07 29.22 31.29 NOTE
r-release-macos-arm64 0.0.1 NOTE
r-release-macos-x86_64 0.0.1 NOTE
r-release-windows-ix86+x86_64 0.0.1 5.00 52.00 57.00 NOTE
r-oldrel-macos-x86_64 0.0.1 OK
r-oldrel-windows-ix86+x86_64 0.0.1 6.00 39.00 45.00 OK

Check Details

Version: 0.0.1
Check: LazyData
Result: NOTE
     'LazyData' is specified without a 'data' directory
Flavors: r-devel-linux-x86_64-debian-clang, r-devel-linux-x86_64-debian-gcc, r-devel-linux-x86_64-fedora-clang, r-devel-linux-x86_64-fedora-gcc, r-devel-windows-x86_64-new-UL, r-devel-windows-x86_64-new-TK, r-devel-windows-x86_64-old, r-patched-linux-x86_64, r-release-linux-x86_64, r-release-macos-arm64, r-release-macos-x86_64, r-release-windows-ix86+x86_64