CRAN Package Check Results for Package mthapower

Last updated on 2025-01-22 03:49:59 CET.

Flavor Version Tinstall Tcheck Ttotal Status Flags
r-devel-linux-x86_64-debian-clang 0.1.1 1.55 16.15 17.70 OK
r-devel-linux-x86_64-debian-gcc 0.1.1 1.36 13.91 15.27 OK
r-devel-linux-x86_64-fedora-clang 0.1.1 28.68 OK
r-devel-linux-x86_64-fedora-gcc 0.1.1 27.18 OK
r-devel-windows-x86_64 0.1.1 3.00 38.00 41.00 OK
r-patched-linux-x86_64 0.1.1 1.78 15.73 17.51 NOTE
r-release-linux-x86_64 0.1.1 1.36 15.44 16.80 NOTE
r-release-macos-arm64 0.1.1 13.00 NOTE
r-release-macos-x86_64 0.1.1 22.00 NOTE
r-release-windows-x86_64 0.1.1 2.00 39.00 41.00 NOTE
r-oldrel-macos-arm64 0.1.1 16.00 NOTE
r-oldrel-macos-x86_64 0.1.1 19.00 NOTE
r-oldrel-windows-x86_64 0.1.1 3.00 39.00 42.00 NOTE

Check Details

Version: 0.1.1
Check: LazyData
Result: NOTE 'LazyData' is specified without a 'data' directory Flavors: r-patched-linux-x86_64, r-release-linux-x86_64, r-release-macos-arm64, r-release-macos-x86_64, r-release-windows-x86_64, r-oldrel-macos-arm64, r-oldrel-macos-x86_64, r-oldrel-windows-x86_64