CRAN Package Check Results for Package mthapower

Last updated on 2022-08-16 13:49:21 CEST.

Flavor Version Tinstall Tcheck Ttotal Status Flags
r-devel-linux-x86_64-debian-clang 0.1.1 1.74 20.72 22.46 NOTE
r-devel-linux-x86_64-debian-gcc 0.1.1 1.49 16.29 17.78 NOTE
r-devel-linux-x86_64-fedora-clang 0.1.1 38.64 NOTE
r-devel-linux-x86_64-fedora-gcc 0.1.1 38.92 NOTE
r-devel-windows-x86_64 0.1.1 7.00 47.00 54.00 NOTE
r-patched-linux-x86_64 0.1.1 1.53 20.53 22.06 NOTE
r-release-linux-x86_64 0.1.1 1.71 19.92 21.63 NOTE
r-release-macos-arm64 0.1.1 14.00 NOTE
r-release-macos-x86_64 0.1.1 18.00 NOTE
r-release-windows-x86_64 0.1.1 17.00 45.00 62.00 NOTE
r-oldrel-macos-arm64 0.1.1 16.00 NOTE
r-oldrel-macos-x86_64 0.1.1 24.00 NOTE
r-oldrel-windows-ix86+x86_64 0.1.1 6.00 43.00 49.00 NOTE

Check Details

Version: 0.1.1
Check: LazyData
Result: NOTE
     'LazyData' is specified without a 'data' directory
Flavors: r-devel-linux-x86_64-debian-clang, r-devel-linux-x86_64-debian-gcc, r-devel-linux-x86_64-fedora-clang, r-devel-linux-x86_64-fedora-gcc, r-devel-windows-x86_64, r-patched-linux-x86_64, r-release-linux-x86_64, r-release-macos-arm64, r-release-macos-x86_64, r-release-windows-x86_64, r-oldrel-macos-arm64, r-oldrel-macos-x86_64, r-oldrel-windows-ix86+x86_64