Last updated on 2021-03-02 14:46:58 CET.
Flavor | Version | Tinstall | Tcheck | Ttotal | Status | Flags |
---|---|---|---|---|---|---|
r-devel-linux-x86_64-debian-clang | 0.1-12 | OK | ||||
r-devel-linux-x86_64-debian-gcc | 0.1-12 | 2.39 | 22.54 | 24.93 | OK | |
r-devel-linux-x86_64-fedora-clang | 0.1-12 | 47.54 | OK | |||
r-devel-linux-x86_64-fedora-gcc | 0.1-12 | 37.33 | OK | |||
r-devel-windows-ix86+x86_64 | 0.1-12 | 5.00 | 33.00 | 38.00 | OK | |
r-patched-linux-x86_64 | 0.1-12 | 3.22 | 27.43 | 30.65 | OK | |
r-patched-solaris-x86 | 0.1-12 | 59.20 | OK | |||
r-release-linux-x86_64 | 0.1-12 | 2.99 | 27.62 | 30.61 | OK | |
r-release-macos-x86_64 | 0.1-12 | OK | ||||
r-release-windows-ix86+x86_64 | 0.1-12 | 18.00 | 5.00 | 23.00 | ERROR | |
r-oldrel-macos-x86_64 | 0.1-12 | OK | ||||
r-oldrel-windows-ix86+x86_64 | 0.1-12 | 4.00 | 41.00 | 45.00 | OK |
Version: 0.1-12
Check: whether package can be installed
Result: ERROR
Installation failed.
Flavor: r-release-windows-ix86+x86_64