CRAN Package Check Results for Package muStat

Last updated on 2022-01-19 11:54:04 CET.

Flavor Version Tinstall Tcheck Ttotal Status Flags
r-devel-linux-x86_64-debian-clang 1.7.0 NOTE
r-devel-linux-x86_64-debian-gcc 1.7.0 2.64 29.56 32.20 NOTE
r-devel-linux-x86_64-fedora-clang 1.7.0 51.74 NOTE
r-devel-linux-x86_64-fedora-gcc 1.7.0 39.21 NOTE
r-devel-windows-x86_64-new-UL 1.7.0 31.00 59.00 90.00 NOTE
r-devel-windows-x86_64-new-TK 1.7.0 NOTE
r-patched-linux-x86_64 1.7.0 3.29 36.76 40.05 NOTE
r-release-linux-x86_64 1.7.0 NOTE
r-release-macos-arm64 1.7.0 NOTE
r-release-macos-x86_64 1.7.0 NOTE
r-release-windows-ix86+x86_64 1.7.0 6.00 35.00 41.00 NOTE
r-oldrel-macos-x86_64 1.7.0 NOTE
r-oldrel-windows-ix86+x86_64 1.7.0 5.00 34.00 39.00 NOTE

Check Details

Version: 1.7.0
Check: R code for possible problems
Result: NOTE
    prentice.test: no visible global function definition for 'is'
    Undefined global functions or variables:
     is
    Consider adding
     importFrom("methods", "is")
    to your NAMESPACE file (and ensure that your DESCRIPTION Imports field
    contains 'methods').
Flavors: r-devel-linux-x86_64-debian-clang, r-devel-linux-x86_64-debian-gcc, r-devel-linux-x86_64-fedora-clang, r-devel-linux-x86_64-fedora-gcc, r-devel-windows-x86_64-new-UL, r-devel-windows-x86_64-new-TK, r-patched-linux-x86_64, r-release-linux-x86_64, r-release-macos-arm64, r-release-macos-x86_64, r-release-windows-ix86+x86_64, r-oldrel-macos-x86_64, r-oldrel-windows-ix86+x86_64