CRAN Package Check Results for Package muStat

Last updated on 2020-01-26 19:49:31 CET.

Flavor Version Tinstall Tcheck Ttotal Status Flags
r-devel-linux-x86_64-debian-clang 1.7.0 3.16 27.56 30.72 NOTE
r-devel-linux-x86_64-debian-gcc 1.7.0 2.23 22.15 24.38 NOTE
r-devel-linux-x86_64-fedora-clang 1.7.0 36.83 NOTE
r-devel-linux-x86_64-fedora-gcc 1.7.0 36.15 NOTE
r-devel-windows-ix86+x86_64 1.7.0 12.00 60.00 72.00 NOTE
r-devel-windows-ix86+x86_64-gcc8 1.7.0 7.00 60.00 67.00 NOTE
r-patched-linux-x86_64 1.7.0 2.99 25.09 28.08 NOTE
r-patched-solaris-x86 1.7.0 52.60 NOTE
r-release-linux-x86_64 1.7.0 2.72 25.38 28.10 NOTE
r-release-windows-ix86+x86_64 1.7.0 6.00 51.00 57.00 NOTE
r-release-osx-x86_64 1.7.0 NOTE
r-oldrel-windows-ix86+x86_64 1.7.0 4.00 35.00 39.00 NOTE
r-oldrel-osx-x86_64 1.7.0 NOTE

Check Details

Version: 1.7.0
Check: R code for possible problems
Result: NOTE
    prentice.test: no visible global function definition for 'is'
    Undefined global functions or variables:
     is
    Consider adding
     importFrom("methods", "is")
    to your NAMESPACE file (and ensure that your DESCRIPTION Imports field
    contains 'methods').
Flavors: r-devel-linux-x86_64-debian-clang, r-devel-linux-x86_64-debian-gcc, r-devel-linux-x86_64-fedora-clang, r-devel-linux-x86_64-fedora-gcc, r-devel-windows-ix86+x86_64, r-devel-windows-ix86+x86_64-gcc8, r-patched-linux-x86_64, r-patched-solaris-x86, r-release-linux-x86_64, r-release-windows-ix86+x86_64, r-release-osx-x86_64, r-oldrel-windows-ix86+x86_64, r-oldrel-osx-x86_64