CRAN Package Check Results for Package mudata2

Last updated on 2021-06-24 22:54:33 CEST.

Flavor Version Tinstall Tcheck Ttotal Status Flags
r-devel-linux-x86_64-debian-clang 1.1.2 7.08 138.17 145.25 OK
r-devel-linux-x86_64-debian-gcc 1.1.2 5.78 100.50 106.28 OK
r-devel-linux-x86_64-fedora-clang 1.1.2 173.25 NOTE
r-devel-linux-x86_64-fedora-gcc 1.1.2 166.94 NOTE
r-devel-windows-x86_64 1.1.2 14.00 127.00 141.00 OK
r-devel-windows-x86_64-gcc10-UCRT 1.1.2 NOTE
r-patched-linux-x86_64 1.1.2 7.13 126.89 134.02 OK
r-patched-solaris-x86 1.1.2 228.90 NOTE
r-release-linux-x86_64 1.1.2 5.61 126.75 132.36 OK
r-release-macos-arm64 1.1.2 ERROR
r-release-macos-x86_64 1.1.2 NOTE
r-release-windows-ix86+x86_64 1.1.2 14.00 119.00 133.00 OK
r-oldrel-macos-x86_64 1.1.2 NOTE
r-oldrel-windows-ix86+x86_64 1.1.2 18.00 141.00 159.00 OK

Check Details

Version: 1.1.2
Check: dependencies in R code
Result: NOTE
    Namespace in Imports field not imported from: ‘ggplot2’
     All declared Imports should be used.
Flavors: r-devel-linux-x86_64-fedora-clang, r-devel-linux-x86_64-fedora-gcc, r-devel-windows-x86_64-gcc10-UCRT, r-patched-solaris-x86, r-release-macos-arm64, r-release-macos-x86_64, r-oldrel-macos-x86_64

Version: 1.1.2
Check: package dependencies
Result: NOTE
    Package suggested but not available for checking: ‘sf’
Flavor: r-release-macos-arm64

Version: 1.1.2
Check: tests
Result: ERROR
     Running ‘test-all.R’ [18s/21s]
    Running the tests in ‘tests/test-all.R’ failed.
    Last 13 lines of output:
     ── Error (test-types.R:323:3): generate_type_str generates expected output ─────
     Error: there is no package called 'sf'
     Backtrace:
     █
     1. ├─tibble::tibble(...) test-types.R:323:2
     2. │ └─tibble:::tibble_quos(xs[!is.null], .rows, .name_repair)
     3. │ └─rlang::eval_tidy(xs[[j]], mask)
     4. └─base::loadNamespace(x)
     5. └─base::withRestarts(stop(cond), retry_loadNamespace = function() NULL)
     6. └─base:::withOneRestart(expr, restarts[[1L]])
     7. └─base:::doWithOneRestart(return(expr), restart)
    
     [ FAIL 12 | WARN 9 | SKIP 2 | PASS 881 ]
     Error: Test failures
     Execution halted
Flavor: r-release-macos-arm64