CRAN Package Check Results for Package mudata2

Last updated on 2022-11-27 11:55:54 CET.

Flavor Version Tinstall Tcheck Ttotal Status Flags
r-devel-linux-x86_64-debian-clang 1.1.2 8.49 190.24 198.73 OK
r-devel-linux-x86_64-debian-gcc 1.1.2 6.87 142.47 149.34 OK
r-devel-linux-x86_64-fedora-clang 1.1.2 245.17 NOTE
r-devel-linux-x86_64-fedora-gcc 1.1.2 241.34 NOTE
r-devel-windows-x86_64 1.1.2 49.00 228.00 277.00 OK
r-patched-linux-x86_64 1.1.2 7.52 181.70 189.22 OK
r-release-linux-x86_64 1.1.2 9.44 175.75 185.19 OK
r-release-macos-arm64 1.1.2 54.00 NOTE
r-release-macos-x86_64 1.1.2 103.00 NOTE
r-release-windows-x86_64 1.1.2 44.00 231.00 275.00 OK
r-oldrel-macos-arm64 1.1.2 82.00 NOTE
r-oldrel-macos-x86_64 1.1.2 95.00 NOTE
r-oldrel-windows-ix86+x86_64 1.1.2 19.00 234.00 253.00 OK

Check Details

Version: 1.1.2
Check: dependencies in R code
Result: NOTE
    Namespace in Imports field not imported from: ‘ggplot2’
     All declared Imports should be used.
Flavors: r-devel-linux-x86_64-fedora-clang, r-devel-linux-x86_64-fedora-gcc, r-release-macos-arm64, r-release-macos-x86_64, r-oldrel-macos-arm64, r-oldrel-macos-x86_64