CRAN Package Check Results for Package mudata2

Last updated on 2019-03-25 06:47:20 CET.

Flavor Version Tinstall Tcheck Ttotal Status Flags
r-devel-linux-x86_64-debian-clang 1.0.6 8.43 123.06 131.49 OK
r-devel-linux-x86_64-debian-gcc 1.0.6 6.66 95.85 102.51 OK
r-devel-linux-x86_64-fedora-clang 1.0.6 155.34 OK
r-devel-linux-x86_64-fedora-gcc 1.0.6 145.26 OK
r-devel-windows-ix86+x86_64 1.0.6 24.00 181.00 205.00 OK
r-patched-linux-x86_64 1.0.6 6.14 122.35 128.49 OK
r-patched-solaris-x86 1.0.6 206.20 ERROR
r-release-linux-x86_64 1.0.6 5.05 121.35 126.40 OK
r-release-windows-ix86+x86_64 1.0.6 13.00 143.00 156.00 OK
r-release-osx-x86_64 1.0.6 ERROR
r-oldrel-windows-ix86+x86_64 1.0.6 10.00 169.00 179.00 OK
r-oldrel-osx-x86_64 1.0.6 ERROR

Check Details

Version: 1.0.6
Check: tests
Result: ERROR
     Running ‘test-all.R’ [63s/74s]
    Running the tests in ‘tests/test-all.R’ failed.
    Complete output:
     >
     > library(testthat)
     >
     > test_check("mudata2")
     Loading required package: mudata2
    
     Attaching package: 'mudata2'
    
     The following object is masked from 'package:testthat':
    
     matches
    
     ── 1. Error: read/write functions work inside RMarkdown (@test_mudata.io.R#554)
     pandoc version 1.12.3 or higher is required and was not found (see the help page ?rmarkdown::pandoc_available).
     1: rmarkdown::render(tf, quiet = TRUE) at testthat/test_mudata.io.R:554
     2: pandoc_available(required_pandoc, error = TRUE)
     3: stop(paste(msg, collapse = " "), call. = FALSE)
    
     OGR: Unsupported geometry type
     OGR: Unsupported geometry type
     OGR: Unsupported geometry type
     OGR: Unsupported geometry type
     OGR: Unsupported geometry type
     ══ testthat results ═══════════════════════════════════════════════════════════
     OK: 967 SKIPPED: 0 FAILED: 1
     1. Error: read/write functions work inside RMarkdown (@test_mudata.io.R#554)
    
     Error: testthat unit tests failed
     Execution halted
Flavor: r-patched-solaris-x86

Version: 1.0.6
Check: tests
Result: ERROR
     Running ‘test-all.R’ [31s/31s]
    Running the tests in ‘tests/test-all.R’ failed.
    Last 13 lines of output:
     1: rmarkdown::render(tf, quiet = TRUE) at testthat/test_mudata.io.R:554
     2: pandoc_available(required_pandoc, error = TRUE)
     3: stop(paste(msg, collapse = " "), call. = FALSE)
    
     OGR: Unsupported geometry type
     OGR: Unsupported geometry type
     OGR: Unsupported geometry type
     OGR: Unsupported geometry type
     OGR: Unsupported geometry type
     ══ testthat results ═══════════════════════════════════════════════════════════
     OK: 967 SKIPPED: 0 FAILED: 1
     1. Error: read/write functions work inside RMarkdown (@test_mudata.io.R#554)
    
     Error: testthat unit tests failed
     Execution halted
Flavor: r-release-osx-x86_64

Version: 1.0.6
Check: tests
Result: ERROR
     Running ‘test-all.R’ [32s/32s]
    Running the tests in ‘tests/test-all.R’ failed.
    Last 13 lines of output:
     1: rmarkdown::render(tf, quiet = TRUE) at testthat/test_mudata.io.R:554
     2: pandoc_available(required_pandoc, error = TRUE)
     3: stop(paste(msg, collapse = " "), call. = FALSE)
    
     OGR: Unsupported geometry type
     OGR: Unsupported geometry type
     OGR: Unsupported geometry type
     OGR: Unsupported geometry type
     OGR: Unsupported geometry type
     ══ testthat results ═══════════════════════════════════════════════════════════
     OK: 967 SKIPPED: 0 FAILED: 1
     1. Error: read/write functions work inside RMarkdown (@test_mudata.io.R#554)
    
     Error: testthat unit tests failed
     Execution halted
Flavor: r-oldrel-osx-x86_64