CRAN Package Check Results for Package mudata2

Last updated on 2021-11-27 11:52:49 CET.

Flavor Version Tinstall Tcheck Ttotal Status Flags
r-devel-linux-x86_64-debian-clang 1.1.2 OK
r-devel-linux-x86_64-debian-gcc 1.1.2 6.60 104.89 111.49 OK
r-devel-linux-x86_64-fedora-clang 1.1.2 182.68 NOTE
r-devel-linux-x86_64-fedora-gcc 1.1.2 170.92 NOTE
r-devel-windows-x86_64-new-UL 1.1.2 23.00 227.00 250.00 OK
r-devel-windows-x86_64-new-TK 1.1.2 NOTE
r-devel-windows-x86_64-old 1.1.2 12.00 182.00 194.00 OK
r-patched-linux-x86_64 1.1.2 8.46 133.81 142.27 OK
r-patched-solaris-x86 1.1.2 210.30 NOTE
r-release-linux-x86_64 1.1.2 OK
r-release-macos-arm64 1.1.2 NOTE
r-release-macos-x86_64 1.1.2 NOTE
r-release-windows-ix86+x86_64 1.1.2 17.00 122.00 139.00 OK
r-oldrel-macos-x86_64 1.1.2 NOTE
r-oldrel-windows-ix86+x86_64 1.1.2 18.00 177.00 195.00 ERROR

Check Details

Version: 1.1.2
Check: dependencies in R code
Result: NOTE
    Namespace in Imports field not imported from: ‘ggplot2’
     All declared Imports should be used.
Flavors: r-devel-linux-x86_64-fedora-clang, r-devel-linux-x86_64-fedora-gcc, r-devel-windows-x86_64-new-TK, r-patched-solaris-x86, r-release-macos-arm64, r-release-macos-x86_64, r-oldrel-macos-x86_64

Version: 1.1.2
Check: tests
Result: ERROR
     Running 'test-all.R' [83s]
    Running the tests in 'tests/test-all.R' failed.
    Complete output:
     >
     > library(testthat)
     >
     > test_check("mudata2")
     Loading required package: mudata2
    
     Attaching package: 'mudata2'
    
     The following object is masked from 'package:testthat':
    
     matches
    
     OGR: Unsupported geometry type
     OGR: Unsupported geometry type
     OGR: Unsupported geometry type
     OGR: Unsupported geometry type
     OGR: Unsupported geometry type
     == Skipped tests ===============================================================
     * On CRAN (2)
    
     == Failed tests ================================================================
     -- Error (test-mudata-io.R:114:3): type strs are guessed when inappropriate columns exist in columns tbl --
     Error: Error writing mudata to CSV:
     _mudata.csv: Error : Cannot open file for writing:
     * 'D:\temp\RtmpKMdZ0n\file194ec4568728c\_mudata.csv'
    
     Backtrace:
     x
     1. \-mudata2::write_mudata_dir(...) test-mudata-io.R:114:2
    
     [ FAIL 1 | WARN 1 | SKIP 2 | PASS 891 ]
     Error: Test failures
     Execution halted
Flavor: r-oldrel-windows-ix86+x86_64