CRAN Package Check Results for Package mueRelativeRisk

Last updated on 2023-09-30 01:50:02 CEST.

Flavor Version Tinstall Tcheck Ttotal Status Flags
r-devel-linux-x86_64-debian-clang 0.1.1 1.56 24.40 25.96 NOTE
r-devel-linux-x86_64-debian-gcc 0.1.1 1.47 19.42 20.89 NOTE
r-devel-linux-x86_64-fedora-clang 0.1.1 34.89 NOTE
r-devel-linux-x86_64-fedora-gcc 0.1.1 44.63 NOTE
r-devel-windows-x86_64 0.1.1 3.00 45.00 48.00 NOTE
r-patched-linux-x86_64 0.1.1 1.64 24.02 25.66 NOTE
r-release-linux-x86_64 0.1.1 1.89 23.96 25.85 NOTE
r-release-macos-arm64 0.1.1 22.00 NOTE
r-release-macos-x86_64 0.1.1 31.00 NOTE
r-release-windows-x86_64 0.1.1 3.00 47.00 50.00 NOTE
r-oldrel-macos-arm64 0.1.1 19.00 NOTE
r-oldrel-macos-x86_64 0.1.1 22.00 NOTE
r-oldrel-windows-x86_64 0.1.1 5.00 49.00 54.00 NOTE

Check Details

Version: 0.1.1
Check: LazyData
Result: NOTE
     'LazyData' is specified without a 'data' directory
Flavors: r-devel-linux-x86_64-debian-clang, r-devel-linux-x86_64-debian-gcc, r-devel-linux-x86_64-fedora-clang, r-devel-linux-x86_64-fedora-gcc, r-devel-windows-x86_64, r-patched-linux-x86_64, r-release-linux-x86_64, r-release-macos-arm64, r-release-macos-x86_64, r-release-windows-x86_64, r-oldrel-macos-arm64, r-oldrel-macos-x86_64, r-oldrel-windows-x86_64