CRAN Package Check Results for Package muhaz

Last updated on 2019-08-21 02:49:11 CEST.

Flavor Version Tinstall Tcheck Ttotal Status Flags
r-devel-linux-x86_64-debian-clang 1.2.6.1 7.73 50.92 58.65 OK
r-devel-linux-x86_64-debian-gcc 1.2.6.1 6.71 41.93 48.64 OK
r-devel-linux-x86_64-fedora-clang 1.2.6.1 72.49 NOTE
r-devel-linux-x86_64-fedora-gcc 1.2.6.1 70.07 NOTE
r-devel-windows-ix86+x86_64 1.2.6.1 23.00 108.00 131.00 OK
r-patched-linux-x86_64 1.2.6.1 7.22 50.53 57.75 OK
r-patched-solaris-x86 1.2.6.1 116.00 OK
r-release-linux-x86_64 1.2.6.1 7.78 50.48 58.26 OK
r-release-windows-ix86+x86_64 1.2.6.1 15.00 82.00 97.00 OK
r-release-osx-x86_64 1.2.6.1 OK
r-oldrel-windows-ix86+x86_64 1.2.6.1 16.00 98.00 114.00 OK
r-oldrel-osx-x86_64 1.2.6.1 OK

Check Details

Version: 1.2.6.1
Check: compiled code
Result: NOTE
    File ‘muhaz/libs/muhaz.so’:
     Found no calls to: ‘R_registerRoutines’, ‘R_useDynamicSymbols’
    
    It is good practice to register native routines and to disable symbol
    search.
    
    See ‘Writing portable packages’ in the ‘Writing R Extensions’ manual.
Flavors: r-devel-linux-x86_64-fedora-clang, r-devel-linux-x86_64-fedora-gcc