CRAN Package Check Results for Package multiPIM

Last updated on 2020-11-28 08:47:47 CET.

Flavor Version Tinstall Tcheck Ttotal Status Flags
r-devel-linux-x86_64-debian-clang 1.4-3 11.88 81.13 93.01 NOTE
r-devel-linux-x86_64-debian-gcc 1.4-3 8.93 60.76 69.69 NOTE
r-devel-linux-x86_64-fedora-clang 1.4-3 115.14 NOTE
r-devel-linux-x86_64-fedora-gcc 1.4-3 105.73 NOTE
r-devel-windows-ix86+x86_64 1.4-3 19.00 101.00 120.00 NOTE
r-patched-linux-x86_64 1.4-3 10.02 80.55 90.57 NOTE
r-patched-solaris-x86 1.4-3 153.60 NOTE
r-release-linux-x86_64 1.4-3 11.32 80.75 92.07 NOTE
r-release-macos-x86_64 1.4-3 NOTE
r-release-windows-ix86+x86_64 1.4-3 18.00 77.00 95.00 NOTE
r-oldrel-macos-x86_64 1.4-3 NOTE
r-oldrel-windows-ix86+x86_64 1.4-3 17.00 88.00 105.00 NOTE

Check Details

Version: 1.4-3
Check: R code for possible problems
Result: NOTE
    multiPIM : expand.factors: no visible global function definition for
     'formula'
    multiPIM : expand.factors: no visible global function definition for
     'model.matrix'
    multiPIM : <anonymous>: no visible global function definition for 'glm'
    multiPIM : <anonymous>: no visible binding for global variable
     'binomial'
    multiPIM : <anonymous>: no visible global function definition for
     'qlogis'
    multiPIM : <anonymous>: no visible global function definition for
     'as.formula'
    multiPIM : <anonymous>: no visible global function definition for 'lm'
    multiPIM: no visible global function definition for 'glm'
    multiPIM: no visible global function definition for 'qlogis'
    multiPIM: no visible binding for global variable 'binomial'
    multiPIM: no visible global function definition for 'plogis'
    multiPIM: no visible global function definition for 'sd'
    multiPIM: no visible global function definition for 'lm'
    summary.multiPIM: no visible binding for global variable 'sd'
    summary.multiPIM: no visible global function definition for 'pnorm'
    Undefined global functions or variables:
     as.formula binomial formula glm lm model.matrix plogis pnorm qlogis
     sd
    Consider adding
     importFrom("stats", "as.formula", "binomial", "formula", "glm", "lm",
     "model.matrix", "plogis", "pnorm", "qlogis", "sd")
    to your NAMESPACE file.
Flavors: r-devel-linux-x86_64-debian-clang, r-devel-linux-x86_64-debian-gcc, r-devel-linux-x86_64-fedora-clang, r-devel-linux-x86_64-fedora-gcc, r-devel-windows-ix86+x86_64, r-patched-linux-x86_64, r-patched-solaris-x86, r-release-linux-x86_64, r-release-macos-x86_64, r-release-windows-ix86+x86_64, r-oldrel-macos-x86_64, r-oldrel-windows-ix86+x86_64